{"id":73619,"date":"2024-11-20T15:44:27","date_gmt":"2024-11-20T14:44:27","guid":{"rendered":"https:\/\/gieffe.elwood.agency\/immobile\/villa-quinto-meina-novara\/"},"modified":"2024-12-07T06:25:01","modified_gmt":"2024-12-07T05:25:01","slug":"villa-quinto-meina-novara","status":"publish","type":"immobile","link":"https:\/\/gieffe.elwood.agency\/it\/immobile\/villa-quinto-meina-novara\/","title":{"rendered":"Villa Quinto, Meina, Novara."},"content":{"rendered":"<p>Meina \u00e8 un bellissimo borgo sulla sponda piemontese del Lago Maggiore alla foce del torrente Tiasca posto, seguendo il Sempione in direzione nord, appena dopo l&#8217;abitato di Arona e prima di Solcio di Lesa. Dispone anche di una propria stazione ferroviaria posta sulla linea Domodossola Milano, facilmente raggiungibile dal centro abitato Tra le strutture architettoniche di interesse si evidenzia la Chiesa di Santa Margherita che ospita al suo interno alcuni interessanti affreschi. Nel corso dell&#8217;Ottocento Meina divenne un rilevante centro industriale sfruttando le acque del Tiasca si insediarono tre importanti cartiere, tutte dotate di macchine a vapore e una fabbrica di torcitura di cotone. Su iniziativa dell&#8217;imprenditore Emilio Foltzer si insedi\u00f2 nel territorio una grande fabbrica di oli lubrificanti e grassi per macchine Nel riscoprire la bellezza del lago Maggiore e al nascere della moda della villeggiatura signorile, dal sec XVIII, si devono alcune prestigiose residenze, tra queste spicca sicuramente \u00abVilla Faraggiana \u00bb, al cui interno \u00e8 presente anche un museo botanico Tutta la costa di Meina \u00e8 un susseguirsi di ville e parchi spettacolare \u00e8 anche l&#8217;ampio parco, che arriva fin sulle sponde del lago, di Villa Cella. Anche Villa Quinto, si sviluppa a pochi metri dal lago con ampio affaccio sulla vista meravigliosa che il panorama offre. La tenuta in Meina ( \u00e8 composta da tre corpi di fabbrica fuori terra). Il complesso principale (Sub 5 definito Villa Quinto, \u00e8 una villa con vista lago composta da 21 vani, per un totale di 600 mq in A7) La stessa si erge su due piani fuori terra ed ha uno stile architettonico signorile in linea con le altre ville a bordo del lago Maggiore in Meina. Il secondo fabbricato \u00e8 sempre in categoria A7 ( di dimensioni pi\u00f9 contenute 13,5 vani per un totale di 300 mq), con stile architettonico pi\u00f9 modesto ma in buono stato conservativo; questo \u00e8 il primo complesso che si evidenzia entrando nella residenza con area fruibile a parcheggio nel davanti, ad esso si collega terzo corpo di fabbrica fuori terra che \u00e8 un ripostiglio di altezza pari 2,5 mt individuato in pianta con lo stesso subalterno. Autorimessa di circa 40 mq (Sub 3 in seminterrato) L\u2019 asset si presenta in uno stato manutentivo buono. Parco di importantissime dimensioni, piantumato con grande perizia e gusto. Panoramicit\u00e0 unica a pochi metri dalla sponda del lago. Privacy garantita. Possibilit\u00e0 di creare due ville distinte, entrambe in categoria A7. Immobile vincolato in parte dalla Soprintendenza delle Belle Arti. Per informazioni: GIEFFE PATRIMONI Real Estate Advisor, Torino \u2013 Londra \u2013 Alba \u2013 Milano \u2013 Roma. (+39) 011 \/ 76.000.11<\/p>\n","protected":false},"excerpt":{"rendered":"<p>Meina \u00e8 un bellissimo borgo sulla sponda piemontese del Lago Maggiore alla foce del torrente Tiasca posto, seguendo il Sempione in direzione nord, appena dopo l&#8217;abitato di Arona e prima di Solcio di Lesa. Dispone anche di una propria stazione ferroviaria posta sulla linea Domodossola Milano, facilmente raggiungibile dal centro abitato Tra le strutture architettoniche [&hellip;]<\/p>\n","protected":false},"featured_media":73620,"template":"","meta":{"_acf_changed":false,"inline_featured_image":false},"categoria_immobile":[85],"tipologia_offerta":[94],"tipologia_immobile":[58],"class_list":["post-73619","immobile","type-immobile","status-publish","has-post-thumbnail","hentry","categoria_immobile-residenziali","tipologia_offerta-vendita","tipologia_immobile-villa"],"acf":[],"yoast_head":"<!-- This site is optimized with the Yoast SEO plugin v22.8 - https:\/\/yoast.com\/wordpress\/plugins\/seo\/ -->\n<title>Villa Quinto, Meina, Novara. - Gieffe Patrimoni<\/title>\n<meta name=\"robots\" content=\"noindex, follow, max-snippet:-1, max-image-preview:large, max-video-preview:-1\" \/>\n<meta property=\"og:locale\" content=\"it_IT\" \/>\n<meta property=\"og:type\" content=\"article\" \/>\n<meta property=\"og:title\" content=\"Villa Quinto, Meina, Novara. - Gieffe Patrimoni\" \/>\n<meta property=\"og:description\" content=\"Meina \u00e8 un bellissimo borgo sulla sponda piemontese del Lago Maggiore alla foce del torrente Tiasca posto, seguendo il Sempione in direzione nord, appena dopo l&#8217;abitato di Arona e prima di Solcio di Lesa. Dispone anche di una propria stazione ferroviaria posta sulla linea Domodossola Milano, facilmente raggiungibile dal centro abitato Tra le strutture architettoniche [&hellip;]\" \/>\n<meta property=\"og:url\" content=\"https:\/\/gieffe.elwood.agency\/it\/immobile\/villa-quinto-meina-novara\/\" \/>\n<meta property=\"og:site_name\" content=\"Gieffe Patrimoni\" \/>\n<meta property=\"article:modified_time\" content=\"2024-12-07T05:25:01+00:00\" \/>\n<meta property=\"og:image\" content=\"https:\/\/gieffe.elwood.agency\/wp-content\/uploads\/2024\/11\/Villa-Quinto-Meina-Novara.jpg\" \/>\n\t<meta property=\"og:image:width\" content=\"1400\" \/>\n\t<meta property=\"og:image:height\" content=\"1050\" \/>\n\t<meta property=\"og:image:type\" content=\"image\/jpeg\" \/>\n<meta name=\"twitter:card\" content=\"summary_large_image\" \/>\n<meta name=\"twitter:label1\" content=\"Tempo di lettura stimato\" \/>\n\t<meta name=\"twitter:data1\" content=\"2 minuti\" \/>\n<script type=\"application\/ld+json\" class=\"yoast-schema-graph\">{\"@context\":\"https:\/\/schema.org\",\"@graph\":[{\"@type\":\"WebPage\",\"@id\":\"https:\/\/gieffe.elwood.agency\/it\/immobile\/villa-quinto-meina-novara\/\",\"url\":\"https:\/\/gieffe.elwood.agency\/it\/immobile\/villa-quinto-meina-novara\/\",\"name\":\"Villa Quinto, Meina, Novara. - Gieffe Patrimoni\",\"isPartOf\":{\"@id\":\"https:\/\/gieffe.elwood.agency\/it\/#website\"},\"primaryImageOfPage\":{\"@id\":\"https:\/\/gieffe.elwood.agency\/it\/immobile\/villa-quinto-meina-novara\/#primaryimage\"},\"image\":{\"@id\":\"https:\/\/gieffe.elwood.agency\/it\/immobile\/villa-quinto-meina-novara\/#primaryimage\"},\"thumbnailUrl\":\"https:\/\/gieffe.elwood.agency\/wp-content\/uploads\/2024\/11\/Villa-Quinto-Meina-Novara.jpg\",\"datePublished\":\"2024-11-20T14:44:27+00:00\",\"dateModified\":\"2024-12-07T05:25:01+00:00\",\"breadcrumb\":{\"@id\":\"https:\/\/gieffe.elwood.agency\/it\/immobile\/villa-quinto-meina-novara\/#breadcrumb\"},\"inLanguage\":\"it-IT\",\"potentialAction\":[{\"@type\":\"ReadAction\",\"target\":[\"https:\/\/gieffe.elwood.agency\/it\/immobile\/villa-quinto-meina-novara\/\"]}]},{\"@type\":\"ImageObject\",\"inLanguage\":\"it-IT\",\"@id\":\"https:\/\/gieffe.elwood.agency\/it\/immobile\/villa-quinto-meina-novara\/#primaryimage\",\"url\":\"https:\/\/gieffe.elwood.agency\/wp-content\/uploads\/2024\/11\/Villa-Quinto-Meina-Novara.jpg\",\"contentUrl\":\"https:\/\/gieffe.elwood.agency\/wp-content\/uploads\/2024\/11\/Villa-Quinto-Meina-Novara.jpg\",\"width\":1400,\"height\":1050,\"caption\":\"Villa Quinto\"},{\"@type\":\"BreadcrumbList\",\"@id\":\"https:\/\/gieffe.elwood.agency\/it\/immobile\/villa-quinto-meina-novara\/#breadcrumb\",\"itemListElement\":[{\"@type\":\"ListItem\",\"position\":1,\"name\":\"Gieffe Patrimoni\",\"item\":\"https:\/\/gieffe.elwood.agency\/it\/\"},{\"@type\":\"ListItem\",\"position\":2,\"name\":\"Immobili\",\"item\":\"https:\/\/gieffe.elwood.agency\/it\/immobile\/\"},{\"@type\":\"ListItem\",\"position\":3,\"name\":\"Residenziali\",\"item\":\"https:\/\/gieffe.elwood.agency\/it\/categoria_immobile\/residenziali\/\"},{\"@type\":\"ListItem\",\"position\":4,\"name\":\"Villa Quinto, Meina, Novara.\"}]},{\"@type\":\"WebSite\",\"@id\":\"https:\/\/gieffe.elwood.agency\/it\/#website\",\"url\":\"https:\/\/gieffe.elwood.agency\/it\/\",\"name\":\"Gieffe Patrimoni\",\"description\":\"\",\"publisher\":{\"@id\":\"https:\/\/gieffe.elwood.agency\/it\/#organization\"},\"potentialAction\":[{\"@type\":\"SearchAction\",\"target\":{\"@type\":\"EntryPoint\",\"urlTemplate\":\"https:\/\/gieffe.elwood.agency\/it\/?s={search_term_string}\"},\"query-input\":\"required name=search_term_string\"}],\"inLanguage\":\"it-IT\"},{\"@type\":\"Organization\",\"@id\":\"https:\/\/gieffe.elwood.agency\/it\/#organization\",\"name\":\"Gieffe Patrimoni\",\"url\":\"https:\/\/gieffe.elwood.agency\/it\/\",\"logo\":{\"@type\":\"ImageObject\",\"inLanguage\":\"it-IT\",\"@id\":\"https:\/\/gieffe.elwood.agency\/it\/#\/schema\/logo\/image\/\",\"url\":\"https:\/\/gieffe.elwood.agency\/wp-content\/uploads\/2024\/04\/logo-1.svg\",\"contentUrl\":\"https:\/\/gieffe.elwood.agency\/wp-content\/uploads\/2024\/04\/logo-1.svg\",\"width\":344,\"height\":78,\"caption\":\"Gieffe Patrimoni\"},\"image\":{\"@id\":\"https:\/\/gieffe.elwood.agency\/it\/#\/schema\/logo\/image\/\"}}]}<\/script>\n<!-- \/ Yoast SEO plugin. -->","yoast_head_json":{"title":"Villa Quinto, Meina, Novara. - Gieffe Patrimoni","robots":{"index":"noindex","follow":"follow","max-snippet":"max-snippet:-1","max-image-preview":"max-image-preview:large","max-video-preview":"max-video-preview:-1"},"og_locale":"it_IT","og_type":"article","og_title":"Villa Quinto, Meina, Novara. - Gieffe Patrimoni","og_description":"Meina \u00e8 un bellissimo borgo sulla sponda piemontese del Lago Maggiore alla foce del torrente Tiasca posto, seguendo il Sempione in direzione nord, appena dopo l&#8217;abitato di Arona e prima di Solcio di Lesa. Dispone anche di una propria stazione ferroviaria posta sulla linea Domodossola Milano, facilmente raggiungibile dal centro abitato Tra le strutture architettoniche [&hellip;]","og_url":"https:\/\/gieffe.elwood.agency\/it\/immobile\/villa-quinto-meina-novara\/","og_site_name":"Gieffe Patrimoni","article_modified_time":"2024-12-07T05:25:01+00:00","og_image":[{"width":1400,"height":1050,"url":"https:\/\/gieffe.elwood.agency\/wp-content\/uploads\/2024\/11\/Villa-Quinto-Meina-Novara.jpg","type":"image\/jpeg"}],"twitter_card":"summary_large_image","twitter_misc":{"Tempo di lettura stimato":"2 minuti"},"schema":{"@context":"https:\/\/schema.org","@graph":[{"@type":"WebPage","@id":"https:\/\/gieffe.elwood.agency\/it\/immobile\/villa-quinto-meina-novara\/","url":"https:\/\/gieffe.elwood.agency\/it\/immobile\/villa-quinto-meina-novara\/","name":"Villa Quinto, Meina, Novara. - Gieffe Patrimoni","isPartOf":{"@id":"https:\/\/gieffe.elwood.agency\/it\/#website"},"primaryImageOfPage":{"@id":"https:\/\/gieffe.elwood.agency\/it\/immobile\/villa-quinto-meina-novara\/#primaryimage"},"image":{"@id":"https:\/\/gieffe.elwood.agency\/it\/immobile\/villa-quinto-meina-novara\/#primaryimage"},"thumbnailUrl":"https:\/\/gieffe.elwood.agency\/wp-content\/uploads\/2024\/11\/Villa-Quinto-Meina-Novara.jpg","datePublished":"2024-11-20T14:44:27+00:00","dateModified":"2024-12-07T05:25:01+00:00","breadcrumb":{"@id":"https:\/\/gieffe.elwood.agency\/it\/immobile\/villa-quinto-meina-novara\/#breadcrumb"},"inLanguage":"it-IT","potentialAction":[{"@type":"ReadAction","target":["https:\/\/gieffe.elwood.agency\/it\/immobile\/villa-quinto-meina-novara\/"]}]},{"@type":"ImageObject","inLanguage":"it-IT","@id":"https:\/\/gieffe.elwood.agency\/it\/immobile\/villa-quinto-meina-novara\/#primaryimage","url":"https:\/\/gieffe.elwood.agency\/wp-content\/uploads\/2024\/11\/Villa-Quinto-Meina-Novara.jpg","contentUrl":"https:\/\/gieffe.elwood.agency\/wp-content\/uploads\/2024\/11\/Villa-Quinto-Meina-Novara.jpg","width":1400,"height":1050,"caption":"Villa Quinto"},{"@type":"BreadcrumbList","@id":"https:\/\/gieffe.elwood.agency\/it\/immobile\/villa-quinto-meina-novara\/#breadcrumb","itemListElement":[{"@type":"ListItem","position":1,"name":"Gieffe Patrimoni","item":"https:\/\/gieffe.elwood.agency\/it\/"},{"@type":"ListItem","position":2,"name":"Immobili","item":"https:\/\/gieffe.elwood.agency\/it\/immobile\/"},{"@type":"ListItem","position":3,"name":"Residenziali","item":"https:\/\/gieffe.elwood.agency\/it\/categoria_immobile\/residenziali\/"},{"@type":"ListItem","position":4,"name":"Villa Quinto, Meina, Novara."}]},{"@type":"WebSite","@id":"https:\/\/gieffe.elwood.agency\/it\/#website","url":"https:\/\/gieffe.elwood.agency\/it\/","name":"Gieffe Patrimoni","description":"","publisher":{"@id":"https:\/\/gieffe.elwood.agency\/it\/#organization"},"potentialAction":[{"@type":"SearchAction","target":{"@type":"EntryPoint","urlTemplate":"https:\/\/gieffe.elwood.agency\/it\/?s={search_term_string}"},"query-input":"required name=search_term_string"}],"inLanguage":"it-IT"},{"@type":"Organization","@id":"https:\/\/gieffe.elwood.agency\/it\/#organization","name":"Gieffe Patrimoni","url":"https:\/\/gieffe.elwood.agency\/it\/","logo":{"@type":"ImageObject","inLanguage":"it-IT","@id":"https:\/\/gieffe.elwood.agency\/it\/#\/schema\/logo\/image\/","url":"https:\/\/gieffe.elwood.agency\/wp-content\/uploads\/2024\/04\/logo-1.svg","contentUrl":"https:\/\/gieffe.elwood.agency\/wp-content\/uploads\/2024\/04\/logo-1.svg","width":344,"height":78,"caption":"Gieffe Patrimoni"},"image":{"@id":"https:\/\/gieffe.elwood.agency\/it\/#\/schema\/logo\/image\/"}}]}},"_links":{"self":[{"href":"https:\/\/gieffe.elwood.agency\/it\/wp-json\/wp\/v2\/immobile\/73619","targetHints":{"allow":["GET"]}}],"collection":[{"href":"https:\/\/gieffe.elwood.agency\/it\/wp-json\/wp\/v2\/immobile"}],"about":[{"href":"https:\/\/gieffe.elwood.agency\/it\/wp-json\/wp\/v2\/types\/immobile"}],"wp:featuredmedia":[{"embeddable":true,"href":"https:\/\/gieffe.elwood.agency\/it\/wp-json\/wp\/v2\/media\/73620"}],"wp:attachment":[{"href":"https:\/\/gieffe.elwood.agency\/it\/wp-json\/wp\/v2\/media?parent=73619"}],"wp:term":[{"taxonomy":"categoria_immobile","embeddable":true,"href":"https:\/\/gieffe.elwood.agency\/it\/wp-json\/wp\/v2\/categoria_immobile?post=73619"},{"taxonomy":"tipologia_offerta","embeddable":true,"href":"https:\/\/gieffe.elwood.agency\/it\/wp-json\/wp\/v2\/tipologia_offerta?post=73619"},{"taxonomy":"tipologia_immobile","embeddable":true,"href":"https:\/\/gieffe.elwood.agency\/it\/wp-json\/wp\/v2\/tipologia_immobile?post=73619"}],"curies":[{"name":"wp","href":"https:\/\/api.w.org\/{rel}","templated":true}]}}

<p>Meina è un bellissimo borgo sulla sponda piemontese del Lago Maggiore alla foce del torrente Tiasca posto, seguendo il Sempione in direzione nord, appena dopo l&#8217;abitato di Arona e prima di Solcio di Lesa. Dispone anche di una propria stazione ferroviaria posta sulla linea Domodossola Milano, facilmente raggiungibile dal centro abitato Tra le strutture architettoniche di interesse si evidenzia la Chiesa di Santa Margherita che ospita al suo interno alcuni interessanti affreschi. Nel corso dell&#8217;Ottocento Meina divenne un rilevante centro industriale sfruttando le acque del Tiasca si insediarono tre importanti cartiere, tutte dotate di macchine a vapore e una fabbrica di torcitura di cotone. Su iniziativa dell&#8217;imprenditore Emilio Foltzer si insediò nel territorio una grande fabbrica di oli lubrificanti e grassi per macchine Nel riscoprire la bellezza del lago Maggiore e al nascere della moda della villeggiatura signorile, dal sec XVIII, si devono alcune prestigiose residenze, tra queste spicca sicuramente «Villa Faraggiana », al cui interno è presente anche un museo botanico Tutta la costa di Meina è un susseguirsi di ville e parchi spettacolare è anche l&#8217;ampio parco, che arriva fin sulle sponde del lago, di Villa Cella. Anche Villa Quinto, si sviluppa a pochi metri dal lago con ampio affaccio sulla vista meravigliosa che il panorama offre. La tenuta in Meina ( è composta da tre corpi di fabbrica fuori terra). Il complesso principale (Sub 5 definito Villa Quinto, è una villa con vista lago composta da 21 vani, per un totale di 600 mq in A7) La stessa si erge su due piani fuori terra ed ha uno stile architettonico signorile in linea con le altre ville a bordo del lago Maggiore in Meina. Il secondo fabbricato è sempre in categoria A7 ( di dimensioni più contenute 13,5 vani per un totale di 300 mq), con stile architettonico più modesto ma in buono stato conservativo; questo è il primo complesso che si evidenzia entrando nella residenza con area fruibile a parcheggio nel davanti, ad esso si collega terzo corpo di fabbrica fuori terra che è un ripostiglio di altezza pari 2,5 mt individuato in pianta con lo stesso subalterno. Autorimessa di circa 40 mq (Sub 3 in seminterrato) L’ asset si presenta in uno stato manutentivo buono. Parco di importantissime dimensioni, piantumato con grande perizia e gusto. Panoramicità unica a pochi metri dalla sponda del lago. Privacy garantita. Possibilità di creare due ville distinte, entrambe in categoria A7. Immobile vincolato in parte dalla Soprintendenza delle Belle Arti. Per informazioni: GIEFFE PATRIMONI Real Estate Advisor, Torino – Londra – Alba – Milano – Roma. (+39) 011 / 76.000.11</p>

<p>Meina è un bellissimo borgo sulla sponda piemontese del Lago Maggiore alla foce del torrente Tiasca posto, seguendo il Sempione in direzione nord, appena dopo l&#8217;abitato di Arona e prima di Solcio di Lesa. Dispone anche di una propria stazione ferroviaria posta sulla linea Domodossola Milano, facilmente raggiungibile dal centro abitato Tra le strutture architettoniche [&hellip;]</p>

<!-- This site is optimized with the Yoast SEO plugin v22.8 - https://yoast.com/wordpress/plugins/seo/ -->
<title>Villa Quinto, Meina, Novara. - Gieffe Patrimoni</title>
<meta name="robots" content="noindex, follow, max-snippet:-1, max-image-preview:large, max-video-preview:-1" />
<meta property="og:locale" content="it_IT" />
<meta property="og:type" content="article" />
<meta property="og:title" content="Villa Quinto, Meina, Novara. - Gieffe Patrimoni" />
<meta property="og:description" content="Meina è un bellissimo borgo sulla sponda piemontese del Lago Maggiore alla foce del torrente Tiasca posto, seguendo il Sempione in direzione nord, appena dopo l&#8217;abitato di Arona e prima di Solcio di Lesa. Dispone anche di una propria stazione ferroviaria posta sulla linea Domodossola Milano, facilmente raggiungibile dal centro abitato Tra le strutture architettoniche [&hellip;]" />
<meta property="og:url" content="https://gieffe.elwood.agency/it/immobile/villa-quinto-meina-novara/" />
<meta property="og:site_name" content="Gieffe Patrimoni" />
<meta property="article:modified_time" content="2024-12-07T05:25:01+00:00" />
<meta property="og:image" content="https://gieffe.elwood.agency/wp-content/uploads/2024/11/Villa-Quinto-Meina-Novara.jpg" />
	<meta property="og:image:width" content="1400" />
	<meta property="og:image:height" content="1050" />
	<meta property="og:image:type" content="image/jpeg" />
<meta name="twitter:card" content="summary_large_image" />
<meta name="twitter:label1" content="Tempo di lettura stimato" />
	<meta name="twitter:data1" content="2 minuti" />
<script type="application/ld+json" class="yoast-schema-graph">{"@context":"https://schema.org","@graph":[{"@type":"WebPage","@id":"https://gieffe.elwood.agency/it/immobile/villa-quinto-meina-novara/","url":"https://gieffe.elwood.agency/it/immobile/villa-quinto-meina-novara/","name":"Villa Quinto, Meina, Novara. - Gieffe Patrimoni","isPartOf":{"@id":"https://gieffe.elwood.agency/it/#website"},"primaryImageOfPage":{"@id":"https://gieffe.elwood.agency/it/immobile/villa-quinto-meina-novara/#primaryimage"},"image":{"@id":"https://gieffe.elwood.agency/it/immobile/villa-quinto-meina-novara/#primaryimage"},"thumbnailUrl":"https://gieffe.elwood.agency/wp-content/uploads/2024/11/Villa-Quinto-Meina-Novara.jpg","datePublished":"2024-11-20T14:44:27+00:00","dateModified":"2024-12-07T05:25:01+00:00","breadcrumb":{"@id":"https://gieffe.elwood.agency/it/immobile/villa-quinto-meina-novara/#breadcrumb"},"inLanguage":"it-IT","potentialAction":[{"@type":"ReadAction","target":["https://gieffe.elwood.agency/it/immobile/villa-quinto-meina-novara/"]}]},{"@type":"ImageObject","inLanguage":"it-IT","@id":"https://gieffe.elwood.agency/it/immobile/villa-quinto-meina-novara/#primaryimage","url":"https://gieffe.elwood.agency/wp-content/uploads/2024/11/Villa-Quinto-Meina-Novara.jpg","contentUrl":"https://gieffe.elwood.agency/wp-content/uploads/2024/11/Villa-Quinto-Meina-Novara.jpg","width":1400,"height":1050,"caption":"Villa Quinto"},{"@type":"BreadcrumbList","@id":"https://gieffe.elwood.agency/it/immobile/villa-quinto-meina-novara/#breadcrumb","itemListElement":[{"@type":"ListItem","position":1,"name":"Gieffe Patrimoni","item":"https://gieffe.elwood.agency/it/"},{"@type":"ListItem","position":2,"name":"Immobili","item":"https://gieffe.elwood.agency/it/immobile/"},{"@type":"ListItem","position":3,"name":"Residenziali","item":"https://gieffe.elwood.agency/it/categoria_immobile/residenziali/"},{"@type":"ListItem","position":4,"name":"Villa Quinto, Meina, Novara."}]},{"@type":"WebSite","@id":"https://gieffe.elwood.agency/it/#website","url":"https://gieffe.elwood.agency/it/","name":"Gieffe Patrimoni","description":"","publisher":{"@id":"https://gieffe.elwood.agency/it/#organization"},"potentialAction":[{"@type":"SearchAction","target":{"@type":"EntryPoint","urlTemplate":"https://gieffe.elwood.agency/it/?s={search_term_string}"},"query-input":"required name=search_term_string"}],"inLanguage":"it-IT"},{"@type":"Organization","@id":"https://gieffe.elwood.agency/it/#organization","name":"Gieffe Patrimoni","url":"https://gieffe.elwood.agency/it/","logo":{"@type":"ImageObject","inLanguage":"it-IT","@id":"https://gieffe.elwood.agency/it/#/schema/logo/image/","url":"https://gieffe.elwood.agency/wp-content/uploads/2024/04/logo-1.svg","contentUrl":"https://gieffe.elwood.agency/wp-content/uploads/2024/04/logo-1.svg","width":344,"height":78,"caption":"Gieffe Patrimoni"},"image":{"@id":"https://gieffe.elwood.agency/it/#/schema/logo/image/"}}]}</script>
<!-- / Yoast SEO plugin. -->

Meina è un bellissimo borgo sulla sponda piemontese del Lago Maggiore alla foce del torrente Tiasca posto, seguendo il Sempione in direzione nord, appena dopo l&#8217;abitato di Arona e prima di Solcio di Lesa. Dispone anche di una propria stazione ferroviaria posta sulla linea Domodossola Milano, facilmente raggiungibile dal centro abitato Tra le strutture architettoniche [&hellip;]
