{"id":71938,"date":"2024-11-20T15:50:00","date_gmt":"2024-11-20T14:50:00","guid":{"rendered":"https:\/\/gieffe.elwood.agency\/immobile\/71938\/"},"modified":"2024-12-07T06:16:11","modified_gmt":"2024-12-07T05:16:11","slug":"71938","status":"publish","type":"immobile","link":"https:\/\/gieffe.elwood.agency\/it\/immobile\/71938\/","title":{"rendered":""},"content":{"rendered":"<p>Rif: bertolotti &#8211; Nel cuore di Torino a pochi passi da piazza Solferino, in stabile d&#8217;epoca ottocentesca, all&#8217;interno di corte privata lo spazio ad oggi commerciale \u00e8 parte di un basso fabbricato di epoca pi\u00f9 recente in ottime condizioni generali dotato di due ingressi. Accatastato oggi come categoria catastale D\/7 (Fabbricati costruiti o adattati per le speciali esigenze di un\u2019attivit\u00e0 industriale e non suscettibili di destinazione diversa senza radicali trasformazioni), \u00e8 sede di un magazzino commerciale e pu\u00f2 esser trasformato grazie alla notevole dimensione in un grandissimo loft residenziale o in pi\u00f9 loft con un cambio di destinazione d&#8217;uso. Metratura complessiva di oltre 700 mq, i cui spazi sono cosi distribuiti: al piano terreno: grande locale open space con altezza soffitto variabile oltre i 6mt, con ampie superfici vetrate e una camera ufficio adiacente per complessivi 261 mq con una scala che porta al primo piano e al piano interrato al piano primo: diverse camere\/uffici e servizi igienici per complessivi 162 mq. Al piano interrato spazi magazzini per complessivi 218 mq. Androne di propriet\u00e0 di 14 mq. Cortile di propriet\u00e0 antistante ingresso di 63 mq. Passo carraio di propriet\u00e0 di tutto il basso fabbricato di 78 mq. ( ingresso sia da via Bertolotti che carraio da via Confienza ). Il tetto piano copertura del piano terra misura 70 mq, mentre il tetto piano copertura del piano primo misura 162 mq. Tre accessi diretti allo spazio commerciale. Un ingresso fronte piano terreno e una scala esterna a piano terra con due ingressi che disimpegna il blocco primario da uffici al piano primo e interrato. Completano la propriet\u00e0 due posti auto in corte privata con accesso diretto da strada. Possibile acquisizione di altra propriet\u00e0 attigua allo spazio commerciale per la totalit\u00e0 del basso fabbricato. Zona servitissima, a pochi passi dal centro di Torino. Ottime condizioni interne. Rendita catastale \u20ac 6798,00. Per informazioni: GIEFFE PATRIMONI Real Estate Advisor, Torino &#8211; Londra. (+39) 011 \/ 76.000.11<\/p>\n","protected":false},"excerpt":{"rendered":"<p>Rif: bertolotti &#8211; Nel cuore di Torino a pochi passi da piazza Solferino, in stabile d&#8217;epoca ottocentesca, all&#8217;interno di corte privata lo spazio ad oggi commerciale \u00e8 parte di un basso fabbricato di epoca pi\u00f9 recente in ottime condizioni generali dotato di due ingressi. Accatastato oggi come categoria catastale D\/7 (Fabbricati costruiti o adattati per [&hellip;]<\/p>\n","protected":false},"featured_media":71939,"template":"","meta":{"_acf_changed":false,"inline_featured_image":false},"categoria_immobile":[86],"tipologia_offerta":[94],"tipologia_immobile":[59],"class_list":["post-71938","immobile","type-immobile","status-publish","has-post-thumbnail","hentry","categoria_immobile-commerciali","tipologia_offerta-vendita","tipologia_immobile-negozio"],"acf":[],"yoast_head":"<!-- This site is optimized with the Yoast SEO plugin v22.8 - https:\/\/yoast.com\/wordpress\/plugins\/seo\/ -->\n<title>- Gieffe Patrimoni<\/title>\n<meta name=\"robots\" content=\"noindex, follow, max-snippet:-1, max-image-preview:large, max-video-preview:-1\" \/>\n<meta property=\"og:locale\" content=\"it_IT\" \/>\n<meta property=\"og:type\" content=\"article\" \/>\n<meta property=\"og:title\" content=\"- Gieffe Patrimoni\" \/>\n<meta property=\"og:description\" content=\"Rif: bertolotti &#8211; Nel cuore di Torino a pochi passi da piazza Solferino, in stabile d&#8217;epoca ottocentesca, all&#8217;interno di corte privata lo spazio ad oggi commerciale \u00e8 parte di un basso fabbricato di epoca pi\u00f9 recente in ottime condizioni generali dotato di due ingressi. Accatastato oggi come categoria catastale D\/7 (Fabbricati costruiti o adattati per [&hellip;]\" \/>\n<meta property=\"og:url\" content=\"https:\/\/gieffe.elwood.agency\/it\/immobile\/71938\/\" \/>\n<meta property=\"og:site_name\" content=\"Gieffe Patrimoni\" \/>\n<meta property=\"article:modified_time\" content=\"2024-12-07T05:16:11+00:00\" \/>\n<meta property=\"og:image\" content=\"https:\/\/gieffe.elwood.agency\/wp-content\/uploads\/2024\/11\/xxl-119.jpg\" \/>\n\t<meta property=\"og:image:width\" content=\"1575\" \/>\n\t<meta property=\"og:image:height\" content=\"1050\" \/>\n\t<meta property=\"og:image:type\" content=\"image\/jpeg\" \/>\n<meta name=\"twitter:card\" content=\"summary_large_image\" \/>\n<meta name=\"twitter:label1\" content=\"Tempo di lettura stimato\" \/>\n\t<meta name=\"twitter:data1\" content=\"2 minuti\" \/>\n<script type=\"application\/ld+json\" class=\"yoast-schema-graph\">{\"@context\":\"https:\/\/schema.org\",\"@graph\":[{\"@type\":\"WebPage\",\"@id\":\"https:\/\/gieffe.elwood.agency\/it\/immobile\/71938\/\",\"url\":\"https:\/\/gieffe.elwood.agency\/it\/immobile\/71938\/\",\"name\":\"- Gieffe Patrimoni\",\"isPartOf\":{\"@id\":\"https:\/\/gieffe.elwood.agency\/it\/#website\"},\"primaryImageOfPage\":{\"@id\":\"https:\/\/gieffe.elwood.agency\/it\/immobile\/71938\/#primaryimage\"},\"image\":{\"@id\":\"https:\/\/gieffe.elwood.agency\/it\/immobile\/71938\/#primaryimage\"},\"thumbnailUrl\":\"https:\/\/gieffe.elwood.agency\/wp-content\/uploads\/2024\/11\/xxl-119.jpg\",\"datePublished\":\"2024-11-20T14:50:00+00:00\",\"dateModified\":\"2024-12-07T05:16:11+00:00\",\"breadcrumb\":{\"@id\":\"https:\/\/gieffe.elwood.agency\/it\/immobile\/71938\/#breadcrumb\"},\"inLanguage\":\"it-IT\",\"potentialAction\":[{\"@type\":\"ReadAction\",\"target\":[\"https:\/\/gieffe.elwood.agency\/it\/immobile\/71938\/\"]}]},{\"@type\":\"ImageObject\",\"inLanguage\":\"it-IT\",\"@id\":\"https:\/\/gieffe.elwood.agency\/it\/immobile\/71938\/#primaryimage\",\"url\":\"https:\/\/gieffe.elwood.agency\/wp-content\/uploads\/2024\/11\/xxl-119.jpg\",\"contentUrl\":\"https:\/\/gieffe.elwood.agency\/wp-content\/uploads\/2024\/11\/xxl-119.jpg\",\"width\":1575,\"height\":1050},{\"@type\":\"BreadcrumbList\",\"@id\":\"https:\/\/gieffe.elwood.agency\/it\/immobile\/71938\/#breadcrumb\",\"itemListElement\":[{\"@type\":\"ListItem\",\"position\":1,\"name\":\"Gieffe Patrimoni\",\"item\":\"https:\/\/gieffe.elwood.agency\/it\/\"},{\"@type\":\"ListItem\",\"position\":2,\"name\":\"Immobili\",\"item\":\"https:\/\/gieffe.elwood.agency\/it\/immobile\/\"},{\"@type\":\"ListItem\",\"position\":3,\"name\":\"Commerciali\",\"item\":\"https:\/\/gieffe.elwood.agency\/it\/categoria_immobile\/commerciali\/\"}]},{\"@type\":\"WebSite\",\"@id\":\"https:\/\/gieffe.elwood.agency\/it\/#website\",\"url\":\"https:\/\/gieffe.elwood.agency\/it\/\",\"name\":\"Gieffe Patrimoni\",\"description\":\"\",\"publisher\":{\"@id\":\"https:\/\/gieffe.elwood.agency\/it\/#organization\"},\"potentialAction\":[{\"@type\":\"SearchAction\",\"target\":{\"@type\":\"EntryPoint\",\"urlTemplate\":\"https:\/\/gieffe.elwood.agency\/it\/?s={search_term_string}\"},\"query-input\":\"required name=search_term_string\"}],\"inLanguage\":\"it-IT\"},{\"@type\":\"Organization\",\"@id\":\"https:\/\/gieffe.elwood.agency\/it\/#organization\",\"name\":\"Gieffe Patrimoni\",\"url\":\"https:\/\/gieffe.elwood.agency\/it\/\",\"logo\":{\"@type\":\"ImageObject\",\"inLanguage\":\"it-IT\",\"@id\":\"https:\/\/gieffe.elwood.agency\/it\/#\/schema\/logo\/image\/\",\"url\":\"https:\/\/gieffe.elwood.agency\/wp-content\/uploads\/2024\/04\/logo-1.svg\",\"contentUrl\":\"https:\/\/gieffe.elwood.agency\/wp-content\/uploads\/2024\/04\/logo-1.svg\",\"width\":344,\"height\":78,\"caption\":\"Gieffe Patrimoni\"},\"image\":{\"@id\":\"https:\/\/gieffe.elwood.agency\/it\/#\/schema\/logo\/image\/\"}}]}<\/script>\n<!-- \/ Yoast SEO plugin. -->","yoast_head_json":{"title":"- Gieffe Patrimoni","robots":{"index":"noindex","follow":"follow","max-snippet":"max-snippet:-1","max-image-preview":"max-image-preview:large","max-video-preview":"max-video-preview:-1"},"og_locale":"it_IT","og_type":"article","og_title":"- Gieffe Patrimoni","og_description":"Rif: bertolotti &#8211; Nel cuore di Torino a pochi passi da piazza Solferino, in stabile d&#8217;epoca ottocentesca, all&#8217;interno di corte privata lo spazio ad oggi commerciale \u00e8 parte di un basso fabbricato di epoca pi\u00f9 recente in ottime condizioni generali dotato di due ingressi. Accatastato oggi come categoria catastale D\/7 (Fabbricati costruiti o adattati per [&hellip;]","og_url":"https:\/\/gieffe.elwood.agency\/it\/immobile\/71938\/","og_site_name":"Gieffe Patrimoni","article_modified_time":"2024-12-07T05:16:11+00:00","og_image":[{"width":1575,"height":1050,"url":"https:\/\/gieffe.elwood.agency\/wp-content\/uploads\/2024\/11\/xxl-119.jpg","type":"image\/jpeg"}],"twitter_card":"summary_large_image","twitter_misc":{"Tempo di lettura stimato":"2 minuti"},"schema":{"@context":"https:\/\/schema.org","@graph":[{"@type":"WebPage","@id":"https:\/\/gieffe.elwood.agency\/it\/immobile\/71938\/","url":"https:\/\/gieffe.elwood.agency\/it\/immobile\/71938\/","name":"- Gieffe Patrimoni","isPartOf":{"@id":"https:\/\/gieffe.elwood.agency\/it\/#website"},"primaryImageOfPage":{"@id":"https:\/\/gieffe.elwood.agency\/it\/immobile\/71938\/#primaryimage"},"image":{"@id":"https:\/\/gieffe.elwood.agency\/it\/immobile\/71938\/#primaryimage"},"thumbnailUrl":"https:\/\/gieffe.elwood.agency\/wp-content\/uploads\/2024\/11\/xxl-119.jpg","datePublished":"2024-11-20T14:50:00+00:00","dateModified":"2024-12-07T05:16:11+00:00","breadcrumb":{"@id":"https:\/\/gieffe.elwood.agency\/it\/immobile\/71938\/#breadcrumb"},"inLanguage":"it-IT","potentialAction":[{"@type":"ReadAction","target":["https:\/\/gieffe.elwood.agency\/it\/immobile\/71938\/"]}]},{"@type":"ImageObject","inLanguage":"it-IT","@id":"https:\/\/gieffe.elwood.agency\/it\/immobile\/71938\/#primaryimage","url":"https:\/\/gieffe.elwood.agency\/wp-content\/uploads\/2024\/11\/xxl-119.jpg","contentUrl":"https:\/\/gieffe.elwood.agency\/wp-content\/uploads\/2024\/11\/xxl-119.jpg","width":1575,"height":1050},{"@type":"BreadcrumbList","@id":"https:\/\/gieffe.elwood.agency\/it\/immobile\/71938\/#breadcrumb","itemListElement":[{"@type":"ListItem","position":1,"name":"Gieffe Patrimoni","item":"https:\/\/gieffe.elwood.agency\/it\/"},{"@type":"ListItem","position":2,"name":"Immobili","item":"https:\/\/gieffe.elwood.agency\/it\/immobile\/"},{"@type":"ListItem","position":3,"name":"Commerciali","item":"https:\/\/gieffe.elwood.agency\/it\/categoria_immobile\/commerciali\/"}]},{"@type":"WebSite","@id":"https:\/\/gieffe.elwood.agency\/it\/#website","url":"https:\/\/gieffe.elwood.agency\/it\/","name":"Gieffe Patrimoni","description":"","publisher":{"@id":"https:\/\/gieffe.elwood.agency\/it\/#organization"},"potentialAction":[{"@type":"SearchAction","target":{"@type":"EntryPoint","urlTemplate":"https:\/\/gieffe.elwood.agency\/it\/?s={search_term_string}"},"query-input":"required name=search_term_string"}],"inLanguage":"it-IT"},{"@type":"Organization","@id":"https:\/\/gieffe.elwood.agency\/it\/#organization","name":"Gieffe Patrimoni","url":"https:\/\/gieffe.elwood.agency\/it\/","logo":{"@type":"ImageObject","inLanguage":"it-IT","@id":"https:\/\/gieffe.elwood.agency\/it\/#\/schema\/logo\/image\/","url":"https:\/\/gieffe.elwood.agency\/wp-content\/uploads\/2024\/04\/logo-1.svg","contentUrl":"https:\/\/gieffe.elwood.agency\/wp-content\/uploads\/2024\/04\/logo-1.svg","width":344,"height":78,"caption":"Gieffe Patrimoni"},"image":{"@id":"https:\/\/gieffe.elwood.agency\/it\/#\/schema\/logo\/image\/"}}]}},"_links":{"self":[{"href":"https:\/\/gieffe.elwood.agency\/it\/wp-json\/wp\/v2\/immobile\/71938","targetHints":{"allow":["GET"]}}],"collection":[{"href":"https:\/\/gieffe.elwood.agency\/it\/wp-json\/wp\/v2\/immobile"}],"about":[{"href":"https:\/\/gieffe.elwood.agency\/it\/wp-json\/wp\/v2\/types\/immobile"}],"wp:featuredmedia":[{"embeddable":true,"href":"https:\/\/gieffe.elwood.agency\/it\/wp-json\/wp\/v2\/media\/71939"}],"wp:attachment":[{"href":"https:\/\/gieffe.elwood.agency\/it\/wp-json\/wp\/v2\/media?parent=71938"}],"wp:term":[{"taxonomy":"categoria_immobile","embeddable":true,"href":"https:\/\/gieffe.elwood.agency\/it\/wp-json\/wp\/v2\/categoria_immobile?post=71938"},{"taxonomy":"tipologia_offerta","embeddable":true,"href":"https:\/\/gieffe.elwood.agency\/it\/wp-json\/wp\/v2\/tipologia_offerta?post=71938"},{"taxonomy":"tipologia_immobile","embeddable":true,"href":"https:\/\/gieffe.elwood.agency\/it\/wp-json\/wp\/v2\/tipologia_immobile?post=71938"}],"curies":[{"name":"wp","href":"https:\/\/api.w.org\/{rel}","templated":true}]}}

<p>Rif: bertolotti &#8211; Nel cuore di Torino a pochi passi da piazza Solferino, in stabile d&#8217;epoca ottocentesca, all&#8217;interno di corte privata lo spazio ad oggi commerciale è parte di un basso fabbricato di epoca più recente in ottime condizioni generali dotato di due ingressi. Accatastato oggi come categoria catastale D/7 (Fabbricati costruiti o adattati per le speciali esigenze di un’attività industriale e non suscettibili di destinazione diversa senza radicali trasformazioni), è sede di un magazzino commerciale e può esser trasformato grazie alla notevole dimensione in un grandissimo loft residenziale o in più loft con un cambio di destinazione d&#8217;uso. Metratura complessiva di oltre 700 mq, i cui spazi sono cosi distribuiti: al piano terreno: grande locale open space con altezza soffitto variabile oltre i 6mt, con ampie superfici vetrate e una camera ufficio adiacente per complessivi 261 mq con una scala che porta al primo piano e al piano interrato al piano primo: diverse camere/uffici e servizi igienici per complessivi 162 mq. Al piano interrato spazi magazzini per complessivi 218 mq. Androne di proprietà di 14 mq. Cortile di proprietà antistante ingresso di 63 mq. Passo carraio di proprietà di tutto il basso fabbricato di 78 mq. ( ingresso sia da via Bertolotti che carraio da via Confienza ). Il tetto piano copertura del piano terra misura 70 mq, mentre il tetto piano copertura del piano primo misura 162 mq. Tre accessi diretti allo spazio commerciale. Un ingresso fronte piano terreno e una scala esterna a piano terra con due ingressi che disimpegna il blocco primario da uffici al piano primo e interrato. Completano la proprietà due posti auto in corte privata con accesso diretto da strada. Possibile acquisizione di altra proprietà attigua allo spazio commerciale per la totalità del basso fabbricato. Zona servitissima, a pochi passi dal centro di Torino. Ottime condizioni interne. Rendita catastale € 6798,00. Per informazioni: GIEFFE PATRIMONI Real Estate Advisor, Torino &#8211; Londra. (+39) 011 / 76.000.11</p>

<p>Rif: bertolotti &#8211; Nel cuore di Torino a pochi passi da piazza Solferino, in stabile d&#8217;epoca ottocentesca, all&#8217;interno di corte privata lo spazio ad oggi commerciale è parte di un basso fabbricato di epoca più recente in ottime condizioni generali dotato di due ingressi. Accatastato oggi come categoria catastale D/7 (Fabbricati costruiti o adattati per [&hellip;]</p>

<!-- This site is optimized with the Yoast SEO plugin v22.8 - https://yoast.com/wordpress/plugins/seo/ -->
<title>- Gieffe Patrimoni</title>
<meta name="robots" content="noindex, follow, max-snippet:-1, max-image-preview:large, max-video-preview:-1" />
<meta property="og:locale" content="it_IT" />
<meta property="og:type" content="article" />
<meta property="og:title" content="- Gieffe Patrimoni" />
<meta property="og:description" content="Rif: bertolotti &#8211; Nel cuore di Torino a pochi passi da piazza Solferino, in stabile d&#8217;epoca ottocentesca, all&#8217;interno di corte privata lo spazio ad oggi commerciale è parte di un basso fabbricato di epoca più recente in ottime condizioni generali dotato di due ingressi. Accatastato oggi come categoria catastale D/7 (Fabbricati costruiti o adattati per [&hellip;]" />
<meta property="og:url" content="https://gieffe.elwood.agency/it/immobile/71938/" />
<meta property="og:site_name" content="Gieffe Patrimoni" />
<meta property="article:modified_time" content="2024-12-07T05:16:11+00:00" />
<meta property="og:image" content="https://gieffe.elwood.agency/wp-content/uploads/2024/11/xxl-119.jpg" />
	<meta property="og:image:width" content="1575" />
	<meta property="og:image:height" content="1050" />
	<meta property="og:image:type" content="image/jpeg" />
<meta name="twitter:card" content="summary_large_image" />
<meta name="twitter:label1" content="Tempo di lettura stimato" />
	<meta name="twitter:data1" content="2 minuti" />
<script type="application/ld+json" class="yoast-schema-graph">{"@context":"https://schema.org","@graph":[{"@type":"WebPage","@id":"https://gieffe.elwood.agency/it/immobile/71938/","url":"https://gieffe.elwood.agency/it/immobile/71938/","name":"- Gieffe Patrimoni","isPartOf":{"@id":"https://gieffe.elwood.agency/it/#website"},"primaryImageOfPage":{"@id":"https://gieffe.elwood.agency/it/immobile/71938/#primaryimage"},"image":{"@id":"https://gieffe.elwood.agency/it/immobile/71938/#primaryimage"},"thumbnailUrl":"https://gieffe.elwood.agency/wp-content/uploads/2024/11/xxl-119.jpg","datePublished":"2024-11-20T14:50:00+00:00","dateModified":"2024-12-07T05:16:11+00:00","breadcrumb":{"@id":"https://gieffe.elwood.agency/it/immobile/71938/#breadcrumb"},"inLanguage":"it-IT","potentialAction":[{"@type":"ReadAction","target":["https://gieffe.elwood.agency/it/immobile/71938/"]}]},{"@type":"ImageObject","inLanguage":"it-IT","@id":"https://gieffe.elwood.agency/it/immobile/71938/#primaryimage","url":"https://gieffe.elwood.agency/wp-content/uploads/2024/11/xxl-119.jpg","contentUrl":"https://gieffe.elwood.agency/wp-content/uploads/2024/11/xxl-119.jpg","width":1575,"height":1050},{"@type":"BreadcrumbList","@id":"https://gieffe.elwood.agency/it/immobile/71938/#breadcrumb","itemListElement":[{"@type":"ListItem","position":1,"name":"Gieffe Patrimoni","item":"https://gieffe.elwood.agency/it/"},{"@type":"ListItem","position":2,"name":"Immobili","item":"https://gieffe.elwood.agency/it/immobile/"},{"@type":"ListItem","position":3,"name":"Commerciali","item":"https://gieffe.elwood.agency/it/categoria_immobile/commerciali/"}]},{"@type":"WebSite","@id":"https://gieffe.elwood.agency/it/#website","url":"https://gieffe.elwood.agency/it/","name":"Gieffe Patrimoni","description":"","publisher":{"@id":"https://gieffe.elwood.agency/it/#organization"},"potentialAction":[{"@type":"SearchAction","target":{"@type":"EntryPoint","urlTemplate":"https://gieffe.elwood.agency/it/?s={search_term_string}"},"query-input":"required name=search_term_string"}],"inLanguage":"it-IT"},{"@type":"Organization","@id":"https://gieffe.elwood.agency/it/#organization","name":"Gieffe Patrimoni","url":"https://gieffe.elwood.agency/it/","logo":{"@type":"ImageObject","inLanguage":"it-IT","@id":"https://gieffe.elwood.agency/it/#/schema/logo/image/","url":"https://gieffe.elwood.agency/wp-content/uploads/2024/04/logo-1.svg","contentUrl":"https://gieffe.elwood.agency/wp-content/uploads/2024/04/logo-1.svg","width":344,"height":78,"caption":"Gieffe Patrimoni"},"image":{"@id":"https://gieffe.elwood.agency/it/#/schema/logo/image/"}}]}</script>
<!-- / Yoast SEO plugin. -->

Rif: bertolotti &#8211; Nel cuore di Torino a pochi passi da piazza Solferino, in stabile d&#8217;epoca ottocentesca, all&#8217;interno di corte privata lo spazio ad oggi commerciale è parte di un basso fabbricato di epoca più recente in ottime condizioni generali dotato di due ingressi. Accatastato oggi come categoria catastale D/7 (Fabbricati costruiti o adattati per [&hellip;]
