{"id":70602,"date":"2024-11-20T15:50:00","date_gmt":"2024-11-20T14:50:00","guid":{"rendered":"https:\/\/gieffe.elwood.agency\/immobile\/70602\/"},"modified":"2024-12-07T06:10:50","modified_gmt":"2024-12-07T05:10:50","slug":"70602","status":"publish","type":"immobile","link":"https:\/\/gieffe.elwood.agency\/it\/immobile\/70602\/","title":{"rendered":""},"content":{"rendered":"<p>Rif: soleri &#8211; Nel cuore del centro di Torino, in via Marcello Soleri angolo via Piero Gobetti, il locale polifunzionale completamente vetrinato sulle due vie \u00e8 situato in prossimit\u00e0 della via commerciale per eccellenza della citt\u00e0 di Torino: via Lagrange, ed \u00e8 accatastato con categoria C1 per quello che concerne la parte al piano terra che misura 175.00 mq, con categoria C1 per quello che concerne la parte soppalcata che misura 125.00 mq e con categoria C2 per quello che concerne la parte magazzino al piano interrato che misura 100.00 mq. Parte di un palazzo signorile del 1950 il locale commerciale ha ingresso a piano terreno da strada con pi\u00f9 vetrine a tutta altezza. Spazi suddivisibili a seconda delle necessit\u00e0; in questo momento la struttura risulta distribuita in una grande zona show-room al piano terreno; la scala interna permette accesso al piano soppalco anche esso al momento show-room. Al piano interrato un magazzino raggiungibile con scala interna al negozio con cinque locali deposito e due servizi igienici. Spese condominiali valutabili in 7300,00 euro per anno con servizio portineria. Impianti a norma, riscaldamento centralizzato a metano in tutti gli ambienti con una spesa valutabile in 2400.00 euro per anno, impianto ad aria condizionata. Ad oggi sussiste regolare contratto di affitto in essere con primaria societ\u00e0 commerciale, e vi \u00e8 la possibilit\u00e0 di fornire ogni dettaglio in merito allo stesso. Ottimo posizionamento a livello commerciale. Facilit\u00e0 di parcheggio sia piano strada che interrato comunale. Vicinanza zona pedonale di grande prestigio con la presenza dei pi\u00f9 importanti tenants commerciali italiani ed esteri. Ottima visibilit\u00e0. Rendita catastale ( C1+C2 ) 12.330,46 euro. Non viene richiesta alcuna buona uscita. I locali in affitto saranno liberi a fine gennaio 2019. Possibile stipulare un contratto di affitto per un canone pattuito di 18.000,00 euro per mese. Per informazioni: GIEFFE PATRIMONI Real Estate Advisor, Torino &#8211; Londra. (+39) 011 \/ 76.000.11<\/p>\n","protected":false},"excerpt":{"rendered":"<p>Rif: soleri &#8211; Nel cuore del centro di Torino, in via Marcello Soleri angolo via Piero Gobetti, il locale polifunzionale completamente vetrinato sulle due vie \u00e8 situato in prossimit\u00e0 della via commerciale per eccellenza della citt\u00e0 di Torino: via Lagrange, ed \u00e8 accatastato con categoria C1 per quello che concerne la parte al piano terra [&hellip;]<\/p>\n","protected":false},"featured_media":70603,"template":"","meta":{"_acf_changed":false,"inline_featured_image":false},"categoria_immobile":[86],"tipologia_offerta":[94],"tipologia_immobile":[59],"class_list":["post-70602","immobile","type-immobile","status-publish","has-post-thumbnail","hentry","categoria_immobile-commerciali","tipologia_offerta-vendita","tipologia_immobile-negozio"],"acf":[],"yoast_head":"<!-- This site is optimized with the Yoast SEO plugin v22.8 - https:\/\/yoast.com\/wordpress\/plugins\/seo\/ -->\n<title>- Gieffe Patrimoni<\/title>\n<meta name=\"robots\" content=\"noindex, follow, max-snippet:-1, max-image-preview:large, max-video-preview:-1\" \/>\n<meta property=\"og:locale\" content=\"it_IT\" \/>\n<meta property=\"og:type\" content=\"article\" \/>\n<meta property=\"og:title\" content=\"- Gieffe Patrimoni\" \/>\n<meta property=\"og:description\" content=\"Rif: soleri &#8211; Nel cuore del centro di Torino, in via Marcello Soleri angolo via Piero Gobetti, il locale polifunzionale completamente vetrinato sulle due vie \u00e8 situato in prossimit\u00e0 della via commerciale per eccellenza della citt\u00e0 di Torino: via Lagrange, ed \u00e8 accatastato con categoria C1 per quello che concerne la parte al piano terra [&hellip;]\" \/>\n<meta property=\"og:url\" content=\"https:\/\/gieffe.elwood.agency\/it\/immobile\/70602\/\" \/>\n<meta property=\"og:site_name\" content=\"Gieffe Patrimoni\" \/>\n<meta property=\"article:modified_time\" content=\"2024-12-07T05:10:50+00:00\" \/>\n<meta property=\"og:image\" content=\"https:\/\/gieffe.elwood.agency\/wp-content\/uploads\/2024\/11\/xxl-50.jpg\" \/>\n\t<meta property=\"og:image:width\" content=\"1400\" \/>\n\t<meta property=\"og:image:height\" content=\"1050\" \/>\n\t<meta property=\"og:image:type\" content=\"image\/jpeg\" \/>\n<meta name=\"twitter:card\" content=\"summary_large_image\" \/>\n<meta name=\"twitter:label1\" content=\"Tempo di lettura stimato\" \/>\n\t<meta name=\"twitter:data1\" content=\"1 minuto\" \/>\n<script type=\"application\/ld+json\" class=\"yoast-schema-graph\">{\"@context\":\"https:\/\/schema.org\",\"@graph\":[{\"@type\":\"WebPage\",\"@id\":\"https:\/\/gieffe.elwood.agency\/it\/immobile\/70602\/\",\"url\":\"https:\/\/gieffe.elwood.agency\/it\/immobile\/70602\/\",\"name\":\"- Gieffe Patrimoni\",\"isPartOf\":{\"@id\":\"https:\/\/gieffe.elwood.agency\/it\/#website\"},\"primaryImageOfPage\":{\"@id\":\"https:\/\/gieffe.elwood.agency\/it\/immobile\/70602\/#primaryimage\"},\"image\":{\"@id\":\"https:\/\/gieffe.elwood.agency\/it\/immobile\/70602\/#primaryimage\"},\"thumbnailUrl\":\"https:\/\/gieffe.elwood.agency\/wp-content\/uploads\/2024\/11\/xxl-50.jpg\",\"datePublished\":\"2024-11-20T14:50:00+00:00\",\"dateModified\":\"2024-12-07T05:10:50+00:00\",\"breadcrumb\":{\"@id\":\"https:\/\/gieffe.elwood.agency\/it\/immobile\/70602\/#breadcrumb\"},\"inLanguage\":\"it-IT\",\"potentialAction\":[{\"@type\":\"ReadAction\",\"target\":[\"https:\/\/gieffe.elwood.agency\/it\/immobile\/70602\/\"]}]},{\"@type\":\"ImageObject\",\"inLanguage\":\"it-IT\",\"@id\":\"https:\/\/gieffe.elwood.agency\/it\/immobile\/70602\/#primaryimage\",\"url\":\"https:\/\/gieffe.elwood.agency\/wp-content\/uploads\/2024\/11\/xxl-50.jpg\",\"contentUrl\":\"https:\/\/gieffe.elwood.agency\/wp-content\/uploads\/2024\/11\/xxl-50.jpg\",\"width\":1400,\"height\":1050},{\"@type\":\"BreadcrumbList\",\"@id\":\"https:\/\/gieffe.elwood.agency\/it\/immobile\/70602\/#breadcrumb\",\"itemListElement\":[{\"@type\":\"ListItem\",\"position\":1,\"name\":\"Gieffe Patrimoni\",\"item\":\"https:\/\/gieffe.elwood.agency\/it\/\"},{\"@type\":\"ListItem\",\"position\":2,\"name\":\"Immobili\",\"item\":\"https:\/\/gieffe.elwood.agency\/it\/immobile\/\"},{\"@type\":\"ListItem\",\"position\":3,\"name\":\"Commerciali\",\"item\":\"https:\/\/gieffe.elwood.agency\/it\/categoria_immobile\/commerciali\/\"}]},{\"@type\":\"WebSite\",\"@id\":\"https:\/\/gieffe.elwood.agency\/it\/#website\",\"url\":\"https:\/\/gieffe.elwood.agency\/it\/\",\"name\":\"Gieffe Patrimoni\",\"description\":\"\",\"publisher\":{\"@id\":\"https:\/\/gieffe.elwood.agency\/it\/#organization\"},\"potentialAction\":[{\"@type\":\"SearchAction\",\"target\":{\"@type\":\"EntryPoint\",\"urlTemplate\":\"https:\/\/gieffe.elwood.agency\/it\/?s={search_term_string}\"},\"query-input\":\"required name=search_term_string\"}],\"inLanguage\":\"it-IT\"},{\"@type\":\"Organization\",\"@id\":\"https:\/\/gieffe.elwood.agency\/it\/#organization\",\"name\":\"Gieffe Patrimoni\",\"url\":\"https:\/\/gieffe.elwood.agency\/it\/\",\"logo\":{\"@type\":\"ImageObject\",\"inLanguage\":\"it-IT\",\"@id\":\"https:\/\/gieffe.elwood.agency\/it\/#\/schema\/logo\/image\/\",\"url\":\"https:\/\/gieffe.elwood.agency\/wp-content\/uploads\/2024\/04\/logo-1.svg\",\"contentUrl\":\"https:\/\/gieffe.elwood.agency\/wp-content\/uploads\/2024\/04\/logo-1.svg\",\"width\":344,\"height\":78,\"caption\":\"Gieffe Patrimoni\"},\"image\":{\"@id\":\"https:\/\/gieffe.elwood.agency\/it\/#\/schema\/logo\/image\/\"}}]}<\/script>\n<!-- \/ Yoast SEO plugin. -->","yoast_head_json":{"title":"- Gieffe Patrimoni","robots":{"index":"noindex","follow":"follow","max-snippet":"max-snippet:-1","max-image-preview":"max-image-preview:large","max-video-preview":"max-video-preview:-1"},"og_locale":"it_IT","og_type":"article","og_title":"- Gieffe Patrimoni","og_description":"Rif: soleri &#8211; Nel cuore del centro di Torino, in via Marcello Soleri angolo via Piero Gobetti, il locale polifunzionale completamente vetrinato sulle due vie \u00e8 situato in prossimit\u00e0 della via commerciale per eccellenza della citt\u00e0 di Torino: via Lagrange, ed \u00e8 accatastato con categoria C1 per quello che concerne la parte al piano terra [&hellip;]","og_url":"https:\/\/gieffe.elwood.agency\/it\/immobile\/70602\/","og_site_name":"Gieffe Patrimoni","article_modified_time":"2024-12-07T05:10:50+00:00","og_image":[{"width":1400,"height":1050,"url":"https:\/\/gieffe.elwood.agency\/wp-content\/uploads\/2024\/11\/xxl-50.jpg","type":"image\/jpeg"}],"twitter_card":"summary_large_image","twitter_misc":{"Tempo di lettura stimato":"1 minuto"},"schema":{"@context":"https:\/\/schema.org","@graph":[{"@type":"WebPage","@id":"https:\/\/gieffe.elwood.agency\/it\/immobile\/70602\/","url":"https:\/\/gieffe.elwood.agency\/it\/immobile\/70602\/","name":"- Gieffe Patrimoni","isPartOf":{"@id":"https:\/\/gieffe.elwood.agency\/it\/#website"},"primaryImageOfPage":{"@id":"https:\/\/gieffe.elwood.agency\/it\/immobile\/70602\/#primaryimage"},"image":{"@id":"https:\/\/gieffe.elwood.agency\/it\/immobile\/70602\/#primaryimage"},"thumbnailUrl":"https:\/\/gieffe.elwood.agency\/wp-content\/uploads\/2024\/11\/xxl-50.jpg","datePublished":"2024-11-20T14:50:00+00:00","dateModified":"2024-12-07T05:10:50+00:00","breadcrumb":{"@id":"https:\/\/gieffe.elwood.agency\/it\/immobile\/70602\/#breadcrumb"},"inLanguage":"it-IT","potentialAction":[{"@type":"ReadAction","target":["https:\/\/gieffe.elwood.agency\/it\/immobile\/70602\/"]}]},{"@type":"ImageObject","inLanguage":"it-IT","@id":"https:\/\/gieffe.elwood.agency\/it\/immobile\/70602\/#primaryimage","url":"https:\/\/gieffe.elwood.agency\/wp-content\/uploads\/2024\/11\/xxl-50.jpg","contentUrl":"https:\/\/gieffe.elwood.agency\/wp-content\/uploads\/2024\/11\/xxl-50.jpg","width":1400,"height":1050},{"@type":"BreadcrumbList","@id":"https:\/\/gieffe.elwood.agency\/it\/immobile\/70602\/#breadcrumb","itemListElement":[{"@type":"ListItem","position":1,"name":"Gieffe Patrimoni","item":"https:\/\/gieffe.elwood.agency\/it\/"},{"@type":"ListItem","position":2,"name":"Immobili","item":"https:\/\/gieffe.elwood.agency\/it\/immobile\/"},{"@type":"ListItem","position":3,"name":"Commerciali","item":"https:\/\/gieffe.elwood.agency\/it\/categoria_immobile\/commerciali\/"}]},{"@type":"WebSite","@id":"https:\/\/gieffe.elwood.agency\/it\/#website","url":"https:\/\/gieffe.elwood.agency\/it\/","name":"Gieffe Patrimoni","description":"","publisher":{"@id":"https:\/\/gieffe.elwood.agency\/it\/#organization"},"potentialAction":[{"@type":"SearchAction","target":{"@type":"EntryPoint","urlTemplate":"https:\/\/gieffe.elwood.agency\/it\/?s={search_term_string}"},"query-input":"required name=search_term_string"}],"inLanguage":"it-IT"},{"@type":"Organization","@id":"https:\/\/gieffe.elwood.agency\/it\/#organization","name":"Gieffe Patrimoni","url":"https:\/\/gieffe.elwood.agency\/it\/","logo":{"@type":"ImageObject","inLanguage":"it-IT","@id":"https:\/\/gieffe.elwood.agency\/it\/#\/schema\/logo\/image\/","url":"https:\/\/gieffe.elwood.agency\/wp-content\/uploads\/2024\/04\/logo-1.svg","contentUrl":"https:\/\/gieffe.elwood.agency\/wp-content\/uploads\/2024\/04\/logo-1.svg","width":344,"height":78,"caption":"Gieffe Patrimoni"},"image":{"@id":"https:\/\/gieffe.elwood.agency\/it\/#\/schema\/logo\/image\/"}}]}},"_links":{"self":[{"href":"https:\/\/gieffe.elwood.agency\/it\/wp-json\/wp\/v2\/immobile\/70602","targetHints":{"allow":["GET"]}}],"collection":[{"href":"https:\/\/gieffe.elwood.agency\/it\/wp-json\/wp\/v2\/immobile"}],"about":[{"href":"https:\/\/gieffe.elwood.agency\/it\/wp-json\/wp\/v2\/types\/immobile"}],"wp:featuredmedia":[{"embeddable":true,"href":"https:\/\/gieffe.elwood.agency\/it\/wp-json\/wp\/v2\/media\/70603"}],"wp:attachment":[{"href":"https:\/\/gieffe.elwood.agency\/it\/wp-json\/wp\/v2\/media?parent=70602"}],"wp:term":[{"taxonomy":"categoria_immobile","embeddable":true,"href":"https:\/\/gieffe.elwood.agency\/it\/wp-json\/wp\/v2\/categoria_immobile?post=70602"},{"taxonomy":"tipologia_offerta","embeddable":true,"href":"https:\/\/gieffe.elwood.agency\/it\/wp-json\/wp\/v2\/tipologia_offerta?post=70602"},{"taxonomy":"tipologia_immobile","embeddable":true,"href":"https:\/\/gieffe.elwood.agency\/it\/wp-json\/wp\/v2\/tipologia_immobile?post=70602"}],"curies":[{"name":"wp","href":"https:\/\/api.w.org\/{rel}","templated":true}]}}

<p>Rif: soleri &#8211; Nel cuore del centro di Torino, in via Marcello Soleri angolo via Piero Gobetti, il locale polifunzionale completamente vetrinato sulle due vie è situato in prossimità della via commerciale per eccellenza della città di Torino: via Lagrange, ed è accatastato con categoria C1 per quello che concerne la parte al piano terra che misura 175.00 mq, con categoria C1 per quello che concerne la parte soppalcata che misura 125.00 mq e con categoria C2 per quello che concerne la parte magazzino al piano interrato che misura 100.00 mq. Parte di un palazzo signorile del 1950 il locale commerciale ha ingresso a piano terreno da strada con più vetrine a tutta altezza. Spazi suddivisibili a seconda delle necessità; in questo momento la struttura risulta distribuita in una grande zona show-room al piano terreno; la scala interna permette accesso al piano soppalco anche esso al momento show-room. Al piano interrato un magazzino raggiungibile con scala interna al negozio con cinque locali deposito e due servizi igienici. Spese condominiali valutabili in 7300,00 euro per anno con servizio portineria. Impianti a norma, riscaldamento centralizzato a metano in tutti gli ambienti con una spesa valutabile in 2400.00 euro per anno, impianto ad aria condizionata. Ad oggi sussiste regolare contratto di affitto in essere con primaria società commerciale, e vi è la possibilità di fornire ogni dettaglio in merito allo stesso. Ottimo posizionamento a livello commerciale. Facilità di parcheggio sia piano strada che interrato comunale. Vicinanza zona pedonale di grande prestigio con la presenza dei più importanti tenants commerciali italiani ed esteri. Ottima visibilità. Rendita catastale ( C1+C2 ) 12.330,46 euro. Non viene richiesta alcuna buona uscita. I locali in affitto saranno liberi a fine gennaio 2019. Possibile stipulare un contratto di affitto per un canone pattuito di 18.000,00 euro per mese. Per informazioni: GIEFFE PATRIMONI Real Estate Advisor, Torino &#8211; Londra. (+39) 011 / 76.000.11</p>

<p>Rif: soleri &#8211; Nel cuore del centro di Torino, in via Marcello Soleri angolo via Piero Gobetti, il locale polifunzionale completamente vetrinato sulle due vie è situato in prossimità della via commerciale per eccellenza della città di Torino: via Lagrange, ed è accatastato con categoria C1 per quello che concerne la parte al piano terra [&hellip;]</p>

<!-- This site is optimized with the Yoast SEO plugin v22.8 - https://yoast.com/wordpress/plugins/seo/ -->
<title>- Gieffe Patrimoni</title>
<meta name="robots" content="noindex, follow, max-snippet:-1, max-image-preview:large, max-video-preview:-1" />
<meta property="og:locale" content="it_IT" />
<meta property="og:type" content="article" />
<meta property="og:title" content="- Gieffe Patrimoni" />
<meta property="og:description" content="Rif: soleri &#8211; Nel cuore del centro di Torino, in via Marcello Soleri angolo via Piero Gobetti, il locale polifunzionale completamente vetrinato sulle due vie è situato in prossimità della via commerciale per eccellenza della città di Torino: via Lagrange, ed è accatastato con categoria C1 per quello che concerne la parte al piano terra [&hellip;]" />
<meta property="og:url" content="https://gieffe.elwood.agency/it/immobile/70602/" />
<meta property="og:site_name" content="Gieffe Patrimoni" />
<meta property="article:modified_time" content="2024-12-07T05:10:50+00:00" />
<meta property="og:image" content="https://gieffe.elwood.agency/wp-content/uploads/2024/11/xxl-50.jpg" />
	<meta property="og:image:width" content="1400" />
	<meta property="og:image:height" content="1050" />
	<meta property="og:image:type" content="image/jpeg" />
<meta name="twitter:card" content="summary_large_image" />
<meta name="twitter:label1" content="Tempo di lettura stimato" />
	<meta name="twitter:data1" content="1 minuto" />
<script type="application/ld+json" class="yoast-schema-graph">{"@context":"https://schema.org","@graph":[{"@type":"WebPage","@id":"https://gieffe.elwood.agency/it/immobile/70602/","url":"https://gieffe.elwood.agency/it/immobile/70602/","name":"- Gieffe Patrimoni","isPartOf":{"@id":"https://gieffe.elwood.agency/it/#website"},"primaryImageOfPage":{"@id":"https://gieffe.elwood.agency/it/immobile/70602/#primaryimage"},"image":{"@id":"https://gieffe.elwood.agency/it/immobile/70602/#primaryimage"},"thumbnailUrl":"https://gieffe.elwood.agency/wp-content/uploads/2024/11/xxl-50.jpg","datePublished":"2024-11-20T14:50:00+00:00","dateModified":"2024-12-07T05:10:50+00:00","breadcrumb":{"@id":"https://gieffe.elwood.agency/it/immobile/70602/#breadcrumb"},"inLanguage":"it-IT","potentialAction":[{"@type":"ReadAction","target":["https://gieffe.elwood.agency/it/immobile/70602/"]}]},{"@type":"ImageObject","inLanguage":"it-IT","@id":"https://gieffe.elwood.agency/it/immobile/70602/#primaryimage","url":"https://gieffe.elwood.agency/wp-content/uploads/2024/11/xxl-50.jpg","contentUrl":"https://gieffe.elwood.agency/wp-content/uploads/2024/11/xxl-50.jpg","width":1400,"height":1050},{"@type":"BreadcrumbList","@id":"https://gieffe.elwood.agency/it/immobile/70602/#breadcrumb","itemListElement":[{"@type":"ListItem","position":1,"name":"Gieffe Patrimoni","item":"https://gieffe.elwood.agency/it/"},{"@type":"ListItem","position":2,"name":"Immobili","item":"https://gieffe.elwood.agency/it/immobile/"},{"@type":"ListItem","position":3,"name":"Commerciali","item":"https://gieffe.elwood.agency/it/categoria_immobile/commerciali/"}]},{"@type":"WebSite","@id":"https://gieffe.elwood.agency/it/#website","url":"https://gieffe.elwood.agency/it/","name":"Gieffe Patrimoni","description":"","publisher":{"@id":"https://gieffe.elwood.agency/it/#organization"},"potentialAction":[{"@type":"SearchAction","target":{"@type":"EntryPoint","urlTemplate":"https://gieffe.elwood.agency/it/?s={search_term_string}"},"query-input":"required name=search_term_string"}],"inLanguage":"it-IT"},{"@type":"Organization","@id":"https://gieffe.elwood.agency/it/#organization","name":"Gieffe Patrimoni","url":"https://gieffe.elwood.agency/it/","logo":{"@type":"ImageObject","inLanguage":"it-IT","@id":"https://gieffe.elwood.agency/it/#/schema/logo/image/","url":"https://gieffe.elwood.agency/wp-content/uploads/2024/04/logo-1.svg","contentUrl":"https://gieffe.elwood.agency/wp-content/uploads/2024/04/logo-1.svg","width":344,"height":78,"caption":"Gieffe Patrimoni"},"image":{"@id":"https://gieffe.elwood.agency/it/#/schema/logo/image/"}}]}</script>
<!-- / Yoast SEO plugin. -->

Rif: soleri &#8211; Nel cuore del centro di Torino, in via Marcello Soleri angolo via Piero Gobetti, il locale polifunzionale completamente vetrinato sulle due vie è situato in prossimità della via commerciale per eccellenza della città di Torino: via Lagrange, ed è accatastato con categoria C1 per quello che concerne la parte al piano terra [&hellip;]
