{"id":53794,"date":"2022-03-30T20:47:30","date_gmt":"2022-03-30T18:47:30","guid":{"rendered":"https:\/\/gieffe.elwood.agency\/immobile\/locale-commerciale-in-zona-centrale\/"},"modified":"2024-12-07T06:24:12","modified_gmt":"2024-12-07T05:24:12","slug":"locale-commerciale-in-zona-centrale","status":"publish","type":"immobile","link":"https:\/\/gieffe.elwood.agency\/it\/immobile\/locale-commerciale-in-zona-centrale\/","title":{"rendered":"Locale commerciale in zona centrale"},"content":{"rendered":"<p>In area di prestigio storico, nel centro di Torino \u00e8 presente lo stabile che ospita l\u2019immobile in vendita. La propriet\u00e0 si trova al piano interrato di un condominio di alto standing , in una delle vie pedonali pi\u00f9 prestigiose della citt\u00e0 che gode di uno ottimo passaggio di residenti e turisti. La propriet\u00e0 si estende per 400 mq all\u2019interno dello stabile con ingresso da cortile interno. Lo spazio interno lascia molta libert\u00e0 dal punto di vista della suddivisione consentendo di gestire gli spazi in base alle esigenze. Le condizioni della propriet\u00e0 sono ottimali, frutto di una totale ristrutturazione degli impianti e degli ambienti del 2018. Le spese condominiali si aggirano intorno ai 4000 \u20ac\/annui La propriet\u00e0 \u00e8 dotata di riscaldamento autonomo Attualmente la categoria catastale \u00e8 D\/6 ma si presta ad un cambiamento di destinazione d\u2019uso. Per informazioni: GIEFFE PATRIMONI Real Estate Advisor, Torino \u2013 Londra \u2013 Alba \u2013 Milano \u2013 Roma. (+39) 011 \/ 76.000.11<\/p>\n","protected":false},"excerpt":{"rendered":"<p>In area di prestigio storico, nel centro di Torino \u00e8 presente lo stabile che ospita l\u2019immobile in vendita. La propriet\u00e0 si trova al piano interrato di un condominio di alto standing , in una delle vie pedonali pi\u00f9 prestigiose della citt\u00e0 che gode di uno ottimo passaggio di residenti e turisti. La propriet\u00e0 si estende [&hellip;]<\/p>\n","protected":false},"featured_media":53796,"template":"","meta":{"_acf_changed":false,"inline_featured_image":false},"categoria_immobile":[86],"tipologia_offerta":[94],"tipologia_immobile":[59],"class_list":["post-53794","immobile","type-immobile","status-publish","has-post-thumbnail","hentry","categoria_immobile-commerciali","tipologia_offerta-vendita","tipologia_immobile-negozio"],"acf":[],"yoast_head":"<!-- This site is optimized with the Yoast SEO plugin v22.8 - https:\/\/yoast.com\/wordpress\/plugins\/seo\/ -->\n<title>Locale commerciale in zona centrale - Gieffe Patrimoni<\/title>\n<meta name=\"robots\" content=\"noindex, follow, max-snippet:-1, max-image-preview:large, max-video-preview:-1\" \/>\n<meta property=\"og:locale\" content=\"it_IT\" \/>\n<meta property=\"og:type\" content=\"article\" \/>\n<meta property=\"og:title\" content=\"Locale commerciale in zona centrale - Gieffe Patrimoni\" \/>\n<meta property=\"og:description\" content=\"In area di prestigio storico, nel centro di Torino \u00e8 presente lo stabile che ospita l\u2019immobile in vendita. La propriet\u00e0 si trova al piano interrato di un condominio di alto standing , in una delle vie pedonali pi\u00f9 prestigiose della citt\u00e0 che gode di uno ottimo passaggio di residenti e turisti. La propriet\u00e0 si estende [&hellip;]\" \/>\n<meta property=\"og:url\" content=\"https:\/\/gieffe.elwood.agency\/it\/immobile\/locale-commerciale-in-zona-centrale\/\" \/>\n<meta property=\"og:site_name\" content=\"Gieffe Patrimoni\" \/>\n<meta property=\"article:modified_time\" content=\"2024-12-07T05:24:12+00:00\" \/>\n<meta property=\"og:image\" content=\"https:\/\/gieffe.elwood.agency\/wp-content\/uploads\/2024\/06\/Locale-commerciale-in-zona-centrale-20.jpg\" \/>\n\t<meta property=\"og:image:width\" content=\"1313\" \/>\n\t<meta property=\"og:image:height\" content=\"869\" \/>\n\t<meta property=\"og:image:type\" content=\"image\/jpeg\" \/>\n<meta name=\"twitter:card\" content=\"summary_large_image\" \/>\n<meta name=\"twitter:label1\" content=\"Tempo di lettura stimato\" \/>\n\t<meta name=\"twitter:data1\" content=\"1 minuto\" \/>\n<script type=\"application\/ld+json\" class=\"yoast-schema-graph\">{\"@context\":\"https:\/\/schema.org\",\"@graph\":[{\"@type\":\"WebPage\",\"@id\":\"https:\/\/gieffe.elwood.agency\/it\/immobile\/locale-commerciale-in-zona-centrale\/\",\"url\":\"https:\/\/gieffe.elwood.agency\/it\/immobile\/locale-commerciale-in-zona-centrale\/\",\"name\":\"Locale commerciale in zona centrale - Gieffe Patrimoni\",\"isPartOf\":{\"@id\":\"https:\/\/gieffe.elwood.agency\/it\/#website\"},\"primaryImageOfPage\":{\"@id\":\"https:\/\/gieffe.elwood.agency\/it\/immobile\/locale-commerciale-in-zona-centrale\/#primaryimage\"},\"image\":{\"@id\":\"https:\/\/gieffe.elwood.agency\/it\/immobile\/locale-commerciale-in-zona-centrale\/#primaryimage\"},\"thumbnailUrl\":\"https:\/\/gieffe.elwood.agency\/wp-content\/uploads\/2024\/06\/Locale-commerciale-in-zona-centrale-20.jpg\",\"datePublished\":\"2022-03-30T18:47:30+00:00\",\"dateModified\":\"2024-12-07T05:24:12+00:00\",\"breadcrumb\":{\"@id\":\"https:\/\/gieffe.elwood.agency\/it\/immobile\/locale-commerciale-in-zona-centrale\/#breadcrumb\"},\"inLanguage\":\"it-IT\",\"potentialAction\":[{\"@type\":\"ReadAction\",\"target\":[\"https:\/\/gieffe.elwood.agency\/it\/immobile\/locale-commerciale-in-zona-centrale\/\"]}]},{\"@type\":\"ImageObject\",\"inLanguage\":\"it-IT\",\"@id\":\"https:\/\/gieffe.elwood.agency\/it\/immobile\/locale-commerciale-in-zona-centrale\/#primaryimage\",\"url\":\"https:\/\/gieffe.elwood.agency\/wp-content\/uploads\/2024\/06\/Locale-commerciale-in-zona-centrale-20.jpg\",\"contentUrl\":\"https:\/\/gieffe.elwood.agency\/wp-content\/uploads\/2024\/06\/Locale-commerciale-in-zona-centrale-20.jpg\",\"width\":1313,\"height\":869,\"caption\":\"Locale commerciale in zona centrale\"},{\"@type\":\"BreadcrumbList\",\"@id\":\"https:\/\/gieffe.elwood.agency\/it\/immobile\/locale-commerciale-in-zona-centrale\/#breadcrumb\",\"itemListElement\":[{\"@type\":\"ListItem\",\"position\":1,\"name\":\"Gieffe Patrimoni\",\"item\":\"https:\/\/gieffe.elwood.agency\/it\/\"},{\"@type\":\"ListItem\",\"position\":2,\"name\":\"Immobili\",\"item\":\"https:\/\/gieffe.elwood.agency\/it\/immobile\/\"},{\"@type\":\"ListItem\",\"position\":3,\"name\":\"Commerciali\",\"item\":\"https:\/\/gieffe.elwood.agency\/it\/categoria_immobile\/commerciali\/\"},{\"@type\":\"ListItem\",\"position\":4,\"name\":\"Locale commerciale in zona centrale\"}]},{\"@type\":\"WebSite\",\"@id\":\"https:\/\/gieffe.elwood.agency\/it\/#website\",\"url\":\"https:\/\/gieffe.elwood.agency\/it\/\",\"name\":\"Gieffe Patrimoni\",\"description\":\"\",\"publisher\":{\"@id\":\"https:\/\/gieffe.elwood.agency\/it\/#organization\"},\"potentialAction\":[{\"@type\":\"SearchAction\",\"target\":{\"@type\":\"EntryPoint\",\"urlTemplate\":\"https:\/\/gieffe.elwood.agency\/it\/?s={search_term_string}\"},\"query-input\":\"required name=search_term_string\"}],\"inLanguage\":\"it-IT\"},{\"@type\":\"Organization\",\"@id\":\"https:\/\/gieffe.elwood.agency\/it\/#organization\",\"name\":\"Gieffe Patrimoni\",\"url\":\"https:\/\/gieffe.elwood.agency\/it\/\",\"logo\":{\"@type\":\"ImageObject\",\"inLanguage\":\"it-IT\",\"@id\":\"https:\/\/gieffe.elwood.agency\/it\/#\/schema\/logo\/image\/\",\"url\":\"https:\/\/gieffe.elwood.agency\/wp-content\/uploads\/2024\/04\/logo-1.svg\",\"contentUrl\":\"https:\/\/gieffe.elwood.agency\/wp-content\/uploads\/2024\/04\/logo-1.svg\",\"width\":344,\"height\":78,\"caption\":\"Gieffe Patrimoni\"},\"image\":{\"@id\":\"https:\/\/gieffe.elwood.agency\/it\/#\/schema\/logo\/image\/\"}}]}<\/script>\n<!-- \/ Yoast SEO plugin. -->","yoast_head_json":{"title":"Locale commerciale in zona centrale - Gieffe Patrimoni","robots":{"index":"noindex","follow":"follow","max-snippet":"max-snippet:-1","max-image-preview":"max-image-preview:large","max-video-preview":"max-video-preview:-1"},"og_locale":"it_IT","og_type":"article","og_title":"Locale commerciale in zona centrale - Gieffe Patrimoni","og_description":"In area di prestigio storico, nel centro di Torino \u00e8 presente lo stabile che ospita l\u2019immobile in vendita. La propriet\u00e0 si trova al piano interrato di un condominio di alto standing , in una delle vie pedonali pi\u00f9 prestigiose della citt\u00e0 che gode di uno ottimo passaggio di residenti e turisti. La propriet\u00e0 si estende [&hellip;]","og_url":"https:\/\/gieffe.elwood.agency\/it\/immobile\/locale-commerciale-in-zona-centrale\/","og_site_name":"Gieffe Patrimoni","article_modified_time":"2024-12-07T05:24:12+00:00","og_image":[{"width":1313,"height":869,"url":"https:\/\/gieffe.elwood.agency\/wp-content\/uploads\/2024\/06\/Locale-commerciale-in-zona-centrale-20.jpg","type":"image\/jpeg"}],"twitter_card":"summary_large_image","twitter_misc":{"Tempo di lettura stimato":"1 minuto"},"schema":{"@context":"https:\/\/schema.org","@graph":[{"@type":"WebPage","@id":"https:\/\/gieffe.elwood.agency\/it\/immobile\/locale-commerciale-in-zona-centrale\/","url":"https:\/\/gieffe.elwood.agency\/it\/immobile\/locale-commerciale-in-zona-centrale\/","name":"Locale commerciale in zona centrale - Gieffe Patrimoni","isPartOf":{"@id":"https:\/\/gieffe.elwood.agency\/it\/#website"},"primaryImageOfPage":{"@id":"https:\/\/gieffe.elwood.agency\/it\/immobile\/locale-commerciale-in-zona-centrale\/#primaryimage"},"image":{"@id":"https:\/\/gieffe.elwood.agency\/it\/immobile\/locale-commerciale-in-zona-centrale\/#primaryimage"},"thumbnailUrl":"https:\/\/gieffe.elwood.agency\/wp-content\/uploads\/2024\/06\/Locale-commerciale-in-zona-centrale-20.jpg","datePublished":"2022-03-30T18:47:30+00:00","dateModified":"2024-12-07T05:24:12+00:00","breadcrumb":{"@id":"https:\/\/gieffe.elwood.agency\/it\/immobile\/locale-commerciale-in-zona-centrale\/#breadcrumb"},"inLanguage":"it-IT","potentialAction":[{"@type":"ReadAction","target":["https:\/\/gieffe.elwood.agency\/it\/immobile\/locale-commerciale-in-zona-centrale\/"]}]},{"@type":"ImageObject","inLanguage":"it-IT","@id":"https:\/\/gieffe.elwood.agency\/it\/immobile\/locale-commerciale-in-zona-centrale\/#primaryimage","url":"https:\/\/gieffe.elwood.agency\/wp-content\/uploads\/2024\/06\/Locale-commerciale-in-zona-centrale-20.jpg","contentUrl":"https:\/\/gieffe.elwood.agency\/wp-content\/uploads\/2024\/06\/Locale-commerciale-in-zona-centrale-20.jpg","width":1313,"height":869,"caption":"Locale commerciale in zona centrale"},{"@type":"BreadcrumbList","@id":"https:\/\/gieffe.elwood.agency\/it\/immobile\/locale-commerciale-in-zona-centrale\/#breadcrumb","itemListElement":[{"@type":"ListItem","position":1,"name":"Gieffe Patrimoni","item":"https:\/\/gieffe.elwood.agency\/it\/"},{"@type":"ListItem","position":2,"name":"Immobili","item":"https:\/\/gieffe.elwood.agency\/it\/immobile\/"},{"@type":"ListItem","position":3,"name":"Commerciali","item":"https:\/\/gieffe.elwood.agency\/it\/categoria_immobile\/commerciali\/"},{"@type":"ListItem","position":4,"name":"Locale commerciale in zona centrale"}]},{"@type":"WebSite","@id":"https:\/\/gieffe.elwood.agency\/it\/#website","url":"https:\/\/gieffe.elwood.agency\/it\/","name":"Gieffe Patrimoni","description":"","publisher":{"@id":"https:\/\/gieffe.elwood.agency\/it\/#organization"},"potentialAction":[{"@type":"SearchAction","target":{"@type":"EntryPoint","urlTemplate":"https:\/\/gieffe.elwood.agency\/it\/?s={search_term_string}"},"query-input":"required name=search_term_string"}],"inLanguage":"it-IT"},{"@type":"Organization","@id":"https:\/\/gieffe.elwood.agency\/it\/#organization","name":"Gieffe Patrimoni","url":"https:\/\/gieffe.elwood.agency\/it\/","logo":{"@type":"ImageObject","inLanguage":"it-IT","@id":"https:\/\/gieffe.elwood.agency\/it\/#\/schema\/logo\/image\/","url":"https:\/\/gieffe.elwood.agency\/wp-content\/uploads\/2024\/04\/logo-1.svg","contentUrl":"https:\/\/gieffe.elwood.agency\/wp-content\/uploads\/2024\/04\/logo-1.svg","width":344,"height":78,"caption":"Gieffe Patrimoni"},"image":{"@id":"https:\/\/gieffe.elwood.agency\/it\/#\/schema\/logo\/image\/"}}]}},"_links":{"self":[{"href":"https:\/\/gieffe.elwood.agency\/it\/wp-json\/wp\/v2\/immobile\/53794","targetHints":{"allow":["GET"]}}],"collection":[{"href":"https:\/\/gieffe.elwood.agency\/it\/wp-json\/wp\/v2\/immobile"}],"about":[{"href":"https:\/\/gieffe.elwood.agency\/it\/wp-json\/wp\/v2\/types\/immobile"}],"wp:featuredmedia":[{"embeddable":true,"href":"https:\/\/gieffe.elwood.agency\/it\/wp-json\/wp\/v2\/media\/53796"}],"wp:attachment":[{"href":"https:\/\/gieffe.elwood.agency\/it\/wp-json\/wp\/v2\/media?parent=53794"}],"wp:term":[{"taxonomy":"categoria_immobile","embeddable":true,"href":"https:\/\/gieffe.elwood.agency\/it\/wp-json\/wp\/v2\/categoria_immobile?post=53794"},{"taxonomy":"tipologia_offerta","embeddable":true,"href":"https:\/\/gieffe.elwood.agency\/it\/wp-json\/wp\/v2\/tipologia_offerta?post=53794"},{"taxonomy":"tipologia_immobile","embeddable":true,"href":"https:\/\/gieffe.elwood.agency\/it\/wp-json\/wp\/v2\/tipologia_immobile?post=53794"}],"curies":[{"name":"wp","href":"https:\/\/api.w.org\/{rel}","templated":true}]}}

<p>In area di prestigio storico, nel centro di Torino è presente lo stabile che ospita l’immobile in vendita. La proprietà si trova al piano interrato di un condominio di alto standing , in una delle vie pedonali più prestigiose della città che gode di uno ottimo passaggio di residenti e turisti. La proprietà si estende per 400 mq all’interno dello stabile con ingresso da cortile interno. Lo spazio interno lascia molta libertà dal punto di vista della suddivisione consentendo di gestire gli spazi in base alle esigenze. Le condizioni della proprietà sono ottimali, frutto di una totale ristrutturazione degli impianti e degli ambienti del 2018. Le spese condominiali si aggirano intorno ai 4000 €/annui La proprietà è dotata di riscaldamento autonomo Attualmente la categoria catastale è D/6 ma si presta ad un cambiamento di destinazione d’uso. Per informazioni: GIEFFE PATRIMONI Real Estate Advisor, Torino – Londra – Alba – Milano – Roma. (+39) 011 / 76.000.11</p>

<p>In area di prestigio storico, nel centro di Torino è presente lo stabile che ospita l’immobile in vendita. La proprietà si trova al piano interrato di un condominio di alto standing , in una delle vie pedonali più prestigiose della città che gode di uno ottimo passaggio di residenti e turisti. La proprietà si estende [&hellip;]</p>

<!-- This site is optimized with the Yoast SEO plugin v22.8 - https://yoast.com/wordpress/plugins/seo/ -->
<title>Locale commerciale in zona centrale - Gieffe Patrimoni</title>
<meta name="robots" content="noindex, follow, max-snippet:-1, max-image-preview:large, max-video-preview:-1" />
<meta property="og:locale" content="it_IT" />
<meta property="og:type" content="article" />
<meta property="og:title" content="Locale commerciale in zona centrale - Gieffe Patrimoni" />
<meta property="og:description" content="In area di prestigio storico, nel centro di Torino è presente lo stabile che ospita l’immobile in vendita. La proprietà si trova al piano interrato di un condominio di alto standing , in una delle vie pedonali più prestigiose della città che gode di uno ottimo passaggio di residenti e turisti. La proprietà si estende [&hellip;]" />
<meta property="og:url" content="https://gieffe.elwood.agency/it/immobile/locale-commerciale-in-zona-centrale/" />
<meta property="og:site_name" content="Gieffe Patrimoni" />
<meta property="article:modified_time" content="2024-12-07T05:24:12+00:00" />
<meta property="og:image" content="https://gieffe.elwood.agency/wp-content/uploads/2024/06/Locale-commerciale-in-zona-centrale-20.jpg" />
	<meta property="og:image:width" content="1313" />
	<meta property="og:image:height" content="869" />
	<meta property="og:image:type" content="image/jpeg" />
<meta name="twitter:card" content="summary_large_image" />
<meta name="twitter:label1" content="Tempo di lettura stimato" />
	<meta name="twitter:data1" content="1 minuto" />
<script type="application/ld+json" class="yoast-schema-graph">{"@context":"https://schema.org","@graph":[{"@type":"WebPage","@id":"https://gieffe.elwood.agency/it/immobile/locale-commerciale-in-zona-centrale/","url":"https://gieffe.elwood.agency/it/immobile/locale-commerciale-in-zona-centrale/","name":"Locale commerciale in zona centrale - Gieffe Patrimoni","isPartOf":{"@id":"https://gieffe.elwood.agency/it/#website"},"primaryImageOfPage":{"@id":"https://gieffe.elwood.agency/it/immobile/locale-commerciale-in-zona-centrale/#primaryimage"},"image":{"@id":"https://gieffe.elwood.agency/it/immobile/locale-commerciale-in-zona-centrale/#primaryimage"},"thumbnailUrl":"https://gieffe.elwood.agency/wp-content/uploads/2024/06/Locale-commerciale-in-zona-centrale-20.jpg","datePublished":"2022-03-30T18:47:30+00:00","dateModified":"2024-12-07T05:24:12+00:00","breadcrumb":{"@id":"https://gieffe.elwood.agency/it/immobile/locale-commerciale-in-zona-centrale/#breadcrumb"},"inLanguage":"it-IT","potentialAction":[{"@type":"ReadAction","target":["https://gieffe.elwood.agency/it/immobile/locale-commerciale-in-zona-centrale/"]}]},{"@type":"ImageObject","inLanguage":"it-IT","@id":"https://gieffe.elwood.agency/it/immobile/locale-commerciale-in-zona-centrale/#primaryimage","url":"https://gieffe.elwood.agency/wp-content/uploads/2024/06/Locale-commerciale-in-zona-centrale-20.jpg","contentUrl":"https://gieffe.elwood.agency/wp-content/uploads/2024/06/Locale-commerciale-in-zona-centrale-20.jpg","width":1313,"height":869,"caption":"Locale commerciale in zona centrale"},{"@type":"BreadcrumbList","@id":"https://gieffe.elwood.agency/it/immobile/locale-commerciale-in-zona-centrale/#breadcrumb","itemListElement":[{"@type":"ListItem","position":1,"name":"Gieffe Patrimoni","item":"https://gieffe.elwood.agency/it/"},{"@type":"ListItem","position":2,"name":"Immobili","item":"https://gieffe.elwood.agency/it/immobile/"},{"@type":"ListItem","position":3,"name":"Commerciali","item":"https://gieffe.elwood.agency/it/categoria_immobile/commerciali/"},{"@type":"ListItem","position":4,"name":"Locale commerciale in zona centrale"}]},{"@type":"WebSite","@id":"https://gieffe.elwood.agency/it/#website","url":"https://gieffe.elwood.agency/it/","name":"Gieffe Patrimoni","description":"","publisher":{"@id":"https://gieffe.elwood.agency/it/#organization"},"potentialAction":[{"@type":"SearchAction","target":{"@type":"EntryPoint","urlTemplate":"https://gieffe.elwood.agency/it/?s={search_term_string}"},"query-input":"required name=search_term_string"}],"inLanguage":"it-IT"},{"@type":"Organization","@id":"https://gieffe.elwood.agency/it/#organization","name":"Gieffe Patrimoni","url":"https://gieffe.elwood.agency/it/","logo":{"@type":"ImageObject","inLanguage":"it-IT","@id":"https://gieffe.elwood.agency/it/#/schema/logo/image/","url":"https://gieffe.elwood.agency/wp-content/uploads/2024/04/logo-1.svg","contentUrl":"https://gieffe.elwood.agency/wp-content/uploads/2024/04/logo-1.svg","width":344,"height":78,"caption":"Gieffe Patrimoni"},"image":{"@id":"https://gieffe.elwood.agency/it/#/schema/logo/image/"}}]}</script>
<!-- / Yoast SEO plugin. -->

In area di prestigio storico, nel centro di Torino è presente lo stabile che ospita l’immobile in vendita. La proprietà si trova al piano interrato di un condominio di alto standing , in una delle vie pedonali più prestigiose della città che gode di uno ottimo passaggio di residenti e turisti. La proprietà si estende [&hellip;]
