{"id":49010,"date":"2024-10-26T23:11:57","date_gmt":"2024-10-26T21:11:57","guid":{"rendered":"https:\/\/gieffe.elwood.agency\/immobile\/palazzotto-ristrutturazione-centro-viverone-450mq-lago\/"},"modified":"2024-12-07T06:02:13","modified_gmt":"2024-12-07T05:02:13","slug":"palazzotto-ristrutturato-centro-viverone-450mq-lago","status":"publish","type":"immobile","link":"https:\/\/gieffe.elwood.agency\/it\/immobile\/palazzotto-ristrutturato-centro-viverone-450mq-lago\/","title":{"rendered":"Palazzotto, ristrutturato centro Viverone. 450mq. Lago."},"content":{"rendered":"<p>Rif: Viverone &#8211; Nel centro del caratteristico paese di Viverone, a pochi passi dal lago che arricchisce il territorio e con una magnifica vista sullo stesso, il palazzotto storico fu edificato nel 1700 in posizione centrale e dominante ed in leggera salita nella via centrale del paese. Frutto di una completa opera di restauro conservativo da parte della attuale propriet\u00e0, il palazzotto storico vanta una superficie di circa 450 mq, ed ha una distribuzione su pi\u00f9 livelli. Con accesso fronte strada principale in pav\u00e9 attraverso delizioso cortiletto prospiciente l&#8217;edificio ( libero su tre lati ) si accede al piano terreno composto da ingresso su soggiorno ampio con camino, cucina, servizio e locale sgombero. Un disimpegno di passaggio permette l&#8217;accesso al piano primo tramite una scala interna in muratura, dove trovano spazio tre camere da letto e studio con servizio finestrato. Al piano secondo sempre accessibile da scala interna vi \u00e8 attualmente un ampio sottotetto con tre grandi vani che non sono stati ancora oggetto di restauro ma che potrebbero essere suddivisi in spazi abitativi diversi con progetto gi\u00e0 approvato Completa la propriet\u00e0 un ampio ripostiglio e un locale legnaia oltre ad una bellissima cantina con voltini in mattone. Basse spese di gestione, riscaldamento autonomo e a metano. Possibilit\u00e0 di alienare l&#8217;immobile completamente arredato. Soluzione ottima per chi ricerca un&#8217;abitazione a met\u00e0 strada fra Torino e Milano, con caratteristiche storiche completamente recuperate., utilizzabile per una o due famiglie. Ottima soluzione anche nell&#8217;utilizzo ricettivo-alberghiero per la vicinanza di luoghi di particolare interesse turistico come la Serra di Ivrea e il lago di Viverone. Per informazioni: GIEFFE PATRIMONI Real Estate Advisor, Torino &#8211; Londra. (+39) 011 \/ 76.000.11<\/p>\n","protected":false},"excerpt":{"rendered":"<p>Chiedere a Emy<\/p>\n","protected":false},"featured_media":49380,"template":"","meta":{"_acf_changed":false,"inline_featured_image":false},"categoria_immobile":[85],"tipologia_offerta":[94],"tipologia_immobile":[62],"class_list":["post-49010","immobile","type-immobile","status-publish","has-post-thumbnail","hentry","categoria_immobile-residenziali","tipologia_offerta-vendita","tipologia_immobile-casa-indipendente"],"acf":[],"yoast_head":"<!-- This site is optimized with the Yoast SEO plugin v22.8 - https:\/\/yoast.com\/wordpress\/plugins\/seo\/ -->\n<title>Palazzotto, ristrutturato centro Viverone. 450mq. Lago. - Gieffe Patrimoni<\/title>\n<meta name=\"robots\" content=\"noindex, follow, max-snippet:-1, max-image-preview:large, max-video-preview:-1\" \/>\n<meta property=\"og:locale\" content=\"it_IT\" \/>\n<meta property=\"og:type\" content=\"article\" \/>\n<meta property=\"og:title\" content=\"Palazzotto, ristrutturato centro Viverone. 450mq. Lago. - Gieffe Patrimoni\" \/>\n<meta property=\"og:description\" content=\"Chiedere a Emy\" \/>\n<meta property=\"og:url\" content=\"https:\/\/gieffe.elwood.agency\/it\/immobile\/palazzotto-ristrutturato-centro-viverone-450mq-lago\/\" \/>\n<meta property=\"og:site_name\" content=\"Gieffe Patrimoni\" \/>\n<meta property=\"article:modified_time\" content=\"2024-12-07T05:02:13+00:00\" \/>\n<meta property=\"og:image\" content=\"https:\/\/gieffe.elwood.agency\/wp-content\/uploads\/2024\/06\/Palazzotto-ristrutturazione-centro-Viverone.-450mq.-Lago-20.jpg\" \/>\n\t<meta property=\"og:image:width\" content=\"1588\" \/>\n\t<meta property=\"og:image:height\" content=\"1050\" \/>\n\t<meta property=\"og:image:type\" content=\"image\/jpeg\" \/>\n<meta name=\"twitter:card\" content=\"summary_large_image\" \/>\n<meta name=\"twitter:label1\" content=\"Tempo di lettura stimato\" \/>\n\t<meta name=\"twitter:data1\" content=\"1 minuto\" \/>\n<script type=\"application\/ld+json\" class=\"yoast-schema-graph\">{\"@context\":\"https:\/\/schema.org\",\"@graph\":[{\"@type\":\"WebPage\",\"@id\":\"https:\/\/gieffe.elwood.agency\/it\/immobile\/palazzotto-ristrutturato-centro-viverone-450mq-lago\/\",\"url\":\"https:\/\/gieffe.elwood.agency\/it\/immobile\/palazzotto-ristrutturato-centro-viverone-450mq-lago\/\",\"name\":\"Palazzotto, ristrutturato centro Viverone. 450mq. Lago. - Gieffe Patrimoni\",\"isPartOf\":{\"@id\":\"https:\/\/gieffe.elwood.agency\/it\/#website\"},\"primaryImageOfPage\":{\"@id\":\"https:\/\/gieffe.elwood.agency\/it\/immobile\/palazzotto-ristrutturato-centro-viverone-450mq-lago\/#primaryimage\"},\"image\":{\"@id\":\"https:\/\/gieffe.elwood.agency\/it\/immobile\/palazzotto-ristrutturato-centro-viverone-450mq-lago\/#primaryimage\"},\"thumbnailUrl\":\"https:\/\/gieffe.elwood.agency\/wp-content\/uploads\/2024\/06\/Palazzotto-ristrutturazione-centro-Viverone.-450mq.-Lago-20.jpg\",\"datePublished\":\"2024-10-26T21:11:57+00:00\",\"dateModified\":\"2024-12-07T05:02:13+00:00\",\"breadcrumb\":{\"@id\":\"https:\/\/gieffe.elwood.agency\/it\/immobile\/palazzotto-ristrutturato-centro-viverone-450mq-lago\/#breadcrumb\"},\"inLanguage\":\"it-IT\",\"potentialAction\":[{\"@type\":\"ReadAction\",\"target\":[\"https:\/\/gieffe.elwood.agency\/it\/immobile\/palazzotto-ristrutturato-centro-viverone-450mq-lago\/\"]}]},{\"@type\":\"ImageObject\",\"inLanguage\":\"it-IT\",\"@id\":\"https:\/\/gieffe.elwood.agency\/it\/immobile\/palazzotto-ristrutturato-centro-viverone-450mq-lago\/#primaryimage\",\"url\":\"https:\/\/gieffe.elwood.agency\/wp-content\/uploads\/2024\/06\/Palazzotto-ristrutturazione-centro-Viverone.-450mq.-Lago-20.jpg\",\"contentUrl\":\"https:\/\/gieffe.elwood.agency\/wp-content\/uploads\/2024\/06\/Palazzotto-ristrutturazione-centro-Viverone.-450mq.-Lago-20.jpg\",\"width\":1588,\"height\":1050,\"caption\":\"Palazzotto\"},{\"@type\":\"BreadcrumbList\",\"@id\":\"https:\/\/gieffe.elwood.agency\/it\/immobile\/palazzotto-ristrutturato-centro-viverone-450mq-lago\/#breadcrumb\",\"itemListElement\":[{\"@type\":\"ListItem\",\"position\":1,\"name\":\"Gieffe Patrimoni\",\"item\":\"https:\/\/gieffe.elwood.agency\/it\/\"},{\"@type\":\"ListItem\",\"position\":2,\"name\":\"Immobili\",\"item\":\"https:\/\/gieffe.elwood.agency\/it\/immobile\/\"},{\"@type\":\"ListItem\",\"position\":3,\"name\":\"Residenziali\",\"item\":\"https:\/\/gieffe.elwood.agency\/it\/categoria_immobile\/residenziali\/\"},{\"@type\":\"ListItem\",\"position\":4,\"name\":\"Palazzotto, ristrutturato centro Viverone. 450mq. Lago.\"}]},{\"@type\":\"WebSite\",\"@id\":\"https:\/\/gieffe.elwood.agency\/it\/#website\",\"url\":\"https:\/\/gieffe.elwood.agency\/it\/\",\"name\":\"Gieffe Patrimoni\",\"description\":\"\",\"publisher\":{\"@id\":\"https:\/\/gieffe.elwood.agency\/it\/#organization\"},\"potentialAction\":[{\"@type\":\"SearchAction\",\"target\":{\"@type\":\"EntryPoint\",\"urlTemplate\":\"https:\/\/gieffe.elwood.agency\/it\/?s={search_term_string}\"},\"query-input\":\"required name=search_term_string\"}],\"inLanguage\":\"it-IT\"},{\"@type\":\"Organization\",\"@id\":\"https:\/\/gieffe.elwood.agency\/it\/#organization\",\"name\":\"Gieffe Patrimoni\",\"url\":\"https:\/\/gieffe.elwood.agency\/it\/\",\"logo\":{\"@type\":\"ImageObject\",\"inLanguage\":\"it-IT\",\"@id\":\"https:\/\/gieffe.elwood.agency\/it\/#\/schema\/logo\/image\/\",\"url\":\"https:\/\/gieffe.elwood.agency\/wp-content\/uploads\/2024\/04\/logo-1.svg\",\"contentUrl\":\"https:\/\/gieffe.elwood.agency\/wp-content\/uploads\/2024\/04\/logo-1.svg\",\"width\":344,\"height\":78,\"caption\":\"Gieffe Patrimoni\"},\"image\":{\"@id\":\"https:\/\/gieffe.elwood.agency\/it\/#\/schema\/logo\/image\/\"}}]}<\/script>\n<!-- \/ Yoast SEO plugin. -->","yoast_head_json":{"title":"Palazzotto, ristrutturato centro Viverone. 450mq. Lago. - Gieffe Patrimoni","robots":{"index":"noindex","follow":"follow","max-snippet":"max-snippet:-1","max-image-preview":"max-image-preview:large","max-video-preview":"max-video-preview:-1"},"og_locale":"it_IT","og_type":"article","og_title":"Palazzotto, ristrutturato centro Viverone. 450mq. Lago. - Gieffe Patrimoni","og_description":"Chiedere a Emy","og_url":"https:\/\/gieffe.elwood.agency\/it\/immobile\/palazzotto-ristrutturato-centro-viverone-450mq-lago\/","og_site_name":"Gieffe Patrimoni","article_modified_time":"2024-12-07T05:02:13+00:00","og_image":[{"width":1588,"height":1050,"url":"https:\/\/gieffe.elwood.agency\/wp-content\/uploads\/2024\/06\/Palazzotto-ristrutturazione-centro-Viverone.-450mq.-Lago-20.jpg","type":"image\/jpeg"}],"twitter_card":"summary_large_image","twitter_misc":{"Tempo di lettura stimato":"1 minuto"},"schema":{"@context":"https:\/\/schema.org","@graph":[{"@type":"WebPage","@id":"https:\/\/gieffe.elwood.agency\/it\/immobile\/palazzotto-ristrutturato-centro-viverone-450mq-lago\/","url":"https:\/\/gieffe.elwood.agency\/it\/immobile\/palazzotto-ristrutturato-centro-viverone-450mq-lago\/","name":"Palazzotto, ristrutturato centro Viverone. 450mq. Lago. - Gieffe Patrimoni","isPartOf":{"@id":"https:\/\/gieffe.elwood.agency\/it\/#website"},"primaryImageOfPage":{"@id":"https:\/\/gieffe.elwood.agency\/it\/immobile\/palazzotto-ristrutturato-centro-viverone-450mq-lago\/#primaryimage"},"image":{"@id":"https:\/\/gieffe.elwood.agency\/it\/immobile\/palazzotto-ristrutturato-centro-viverone-450mq-lago\/#primaryimage"},"thumbnailUrl":"https:\/\/gieffe.elwood.agency\/wp-content\/uploads\/2024\/06\/Palazzotto-ristrutturazione-centro-Viverone.-450mq.-Lago-20.jpg","datePublished":"2024-10-26T21:11:57+00:00","dateModified":"2024-12-07T05:02:13+00:00","breadcrumb":{"@id":"https:\/\/gieffe.elwood.agency\/it\/immobile\/palazzotto-ristrutturato-centro-viverone-450mq-lago\/#breadcrumb"},"inLanguage":"it-IT","potentialAction":[{"@type":"ReadAction","target":["https:\/\/gieffe.elwood.agency\/it\/immobile\/palazzotto-ristrutturato-centro-viverone-450mq-lago\/"]}]},{"@type":"ImageObject","inLanguage":"it-IT","@id":"https:\/\/gieffe.elwood.agency\/it\/immobile\/palazzotto-ristrutturato-centro-viverone-450mq-lago\/#primaryimage","url":"https:\/\/gieffe.elwood.agency\/wp-content\/uploads\/2024\/06\/Palazzotto-ristrutturazione-centro-Viverone.-450mq.-Lago-20.jpg","contentUrl":"https:\/\/gieffe.elwood.agency\/wp-content\/uploads\/2024\/06\/Palazzotto-ristrutturazione-centro-Viverone.-450mq.-Lago-20.jpg","width":1588,"height":1050,"caption":"Palazzotto"},{"@type":"BreadcrumbList","@id":"https:\/\/gieffe.elwood.agency\/it\/immobile\/palazzotto-ristrutturato-centro-viverone-450mq-lago\/#breadcrumb","itemListElement":[{"@type":"ListItem","position":1,"name":"Gieffe Patrimoni","item":"https:\/\/gieffe.elwood.agency\/it\/"},{"@type":"ListItem","position":2,"name":"Immobili","item":"https:\/\/gieffe.elwood.agency\/it\/immobile\/"},{"@type":"ListItem","position":3,"name":"Residenziali","item":"https:\/\/gieffe.elwood.agency\/it\/categoria_immobile\/residenziali\/"},{"@type":"ListItem","position":4,"name":"Palazzotto, ristrutturato centro Viverone. 450mq. Lago."}]},{"@type":"WebSite","@id":"https:\/\/gieffe.elwood.agency\/it\/#website","url":"https:\/\/gieffe.elwood.agency\/it\/","name":"Gieffe Patrimoni","description":"","publisher":{"@id":"https:\/\/gieffe.elwood.agency\/it\/#organization"},"potentialAction":[{"@type":"SearchAction","target":{"@type":"EntryPoint","urlTemplate":"https:\/\/gieffe.elwood.agency\/it\/?s={search_term_string}"},"query-input":"required name=search_term_string"}],"inLanguage":"it-IT"},{"@type":"Organization","@id":"https:\/\/gieffe.elwood.agency\/it\/#organization","name":"Gieffe Patrimoni","url":"https:\/\/gieffe.elwood.agency\/it\/","logo":{"@type":"ImageObject","inLanguage":"it-IT","@id":"https:\/\/gieffe.elwood.agency\/it\/#\/schema\/logo\/image\/","url":"https:\/\/gieffe.elwood.agency\/wp-content\/uploads\/2024\/04\/logo-1.svg","contentUrl":"https:\/\/gieffe.elwood.agency\/wp-content\/uploads\/2024\/04\/logo-1.svg","width":344,"height":78,"caption":"Gieffe Patrimoni"},"image":{"@id":"https:\/\/gieffe.elwood.agency\/it\/#\/schema\/logo\/image\/"}}]}},"_links":{"self":[{"href":"https:\/\/gieffe.elwood.agency\/it\/wp-json\/wp\/v2\/immobile\/49010","targetHints":{"allow":["GET"]}}],"collection":[{"href":"https:\/\/gieffe.elwood.agency\/it\/wp-json\/wp\/v2\/immobile"}],"about":[{"href":"https:\/\/gieffe.elwood.agency\/it\/wp-json\/wp\/v2\/types\/immobile"}],"wp:featuredmedia":[{"embeddable":true,"href":"https:\/\/gieffe.elwood.agency\/it\/wp-json\/wp\/v2\/media\/49380"}],"wp:attachment":[{"href":"https:\/\/gieffe.elwood.agency\/it\/wp-json\/wp\/v2\/media?parent=49010"}],"wp:term":[{"taxonomy":"categoria_immobile","embeddable":true,"href":"https:\/\/gieffe.elwood.agency\/it\/wp-json\/wp\/v2\/categoria_immobile?post=49010"},{"taxonomy":"tipologia_offerta","embeddable":true,"href":"https:\/\/gieffe.elwood.agency\/it\/wp-json\/wp\/v2\/tipologia_offerta?post=49010"},{"taxonomy":"tipologia_immobile","embeddable":true,"href":"https:\/\/gieffe.elwood.agency\/it\/wp-json\/wp\/v2\/tipologia_immobile?post=49010"}],"curies":[{"name":"wp","href":"https:\/\/api.w.org\/{rel}","templated":true}]}}

<p>Rif: Viverone &#8211; Nel centro del caratteristico paese di Viverone, a pochi passi dal lago che arricchisce il territorio e con una magnifica vista sullo stesso, il palazzotto storico fu edificato nel 1700 in posizione centrale e dominante ed in leggera salita nella via centrale del paese. Frutto di una completa opera di restauro conservativo da parte della attuale proprietà, il palazzotto storico vanta una superficie di circa 450 mq, ed ha una distribuzione su più livelli. Con accesso fronte strada principale in pavé attraverso delizioso cortiletto prospiciente l&#8217;edificio ( libero su tre lati ) si accede al piano terreno composto da ingresso su soggiorno ampio con camino, cucina, servizio e locale sgombero. Un disimpegno di passaggio permette l&#8217;accesso al piano primo tramite una scala interna in muratura, dove trovano spazio tre camere da letto e studio con servizio finestrato. Al piano secondo sempre accessibile da scala interna vi è attualmente un ampio sottotetto con tre grandi vani che non sono stati ancora oggetto di restauro ma che potrebbero essere suddivisi in spazi abitativi diversi con progetto già approvato Completa la proprietà un ampio ripostiglio e un locale legnaia oltre ad una bellissima cantina con voltini in mattone. Basse spese di gestione, riscaldamento autonomo e a metano. Possibilità di alienare l&#8217;immobile completamente arredato. Soluzione ottima per chi ricerca un&#8217;abitazione a metà strada fra Torino e Milano, con caratteristiche storiche completamente recuperate., utilizzabile per una o due famiglie. Ottima soluzione anche nell&#8217;utilizzo ricettivo-alberghiero per la vicinanza di luoghi di particolare interesse turistico come la Serra di Ivrea e il lago di Viverone. Per informazioni: GIEFFE PATRIMONI Real Estate Advisor, Torino &#8211; Londra. (+39) 011 / 76.000.11</p>
